{"id":2475,"date":"2021-12-07T13:37:30","date_gmt":"2021-12-07T10:37:30","guid":{"rendered":"https:\/\/www.megaguvenlik.com\/?post_type=product&#038;p=2475"},"modified":"2022-02-14T22:28:02","modified_gmt":"2022-02-14T19:28:02","slug":"dinion-ip-starlight-8000-5mp-iva-lens-haric","status":"publish","type":"product","link":"https:\/\/www.megaguvenlik.com\/?product=dinion-ip-starlight-8000-5mp-iva-lens-haric","title":{"rendered":"DINION IP Starlight 8000 5MP IVA (Lens hari\u00e7)"},"content":{"rendered":"<p>&nbsp;<\/p>\n<p>D\u00fc\u015f\u00fck \u0131\u015f\u0131kta ola\u011fan\u00fcst\u00fc performans (0.0121 lx)<\/p>\n<p>Y\u00fcksek h\u0131zlarda (30 fps) 5 MP (3K) ayr\u0131nt\u0131lar<\/p>\n<p>Dahili Intelligent Video Analytics, ilgili alarmlar\u0131tetikler ve verileri h\u0131zl\u0131ca al\u0131r<\/p>\n<p>D\u00fc\u015f\u00fck a\u011f y\u00fck\u00fc ve d\u00fc\u015f\u00fck veri depolama maliyeti<\/p>\n<p>Benzersiz geni\u015f dinamik aral\u0131k (97+16 dB)<\/p>\n<p>&nbsp;<\/p>\n","protected":false},"excerpt":{"rendered":"<p style=\"text-align: left;\">NBN-80052-BA<\/p>\n<p style=\"text-align: left;\">DINION IP starlight 8000 MP, g\u00fcn\u00fcn her an\u0131nda<br \/>\ng\u00f6zetim i\u00e7in yeni bir standart sunuyor.<br \/>\nAyd\u0131nlatma ko\u015fullar\u0131ndan, g\u00fcn\u00fcn saatinden veya nesne<br \/>\nhareketinden ba\u011f\u0131ms\u0131z olarak, kamera 7\/24 ilgili IP videoyu sa\u011flar.<br \/>\n\u00c7ok d\u00fc\u015f\u00fck \u0131\u015f\u0131k ko\u015fullar\u0131nda dahi 5 megapiksel \u00e7\u00f6z\u00fcn\u00fcrl\u00fckte<br \/>\n(3K) 16:9 g\u00f6r\u00fcnt\u00fcler yakalayarak inan\u0131lmaz ayr\u0131nt\u0131l\u0131 g\u00f6r\u00fcnt\u00fcler sa\u011flar.<br \/>\nKamera alaca karanl\u0131kta \u00e7oklu megapiksel \u00e7\u00f6z\u00fcn\u00fcrl\u00fckl\u00fc tam renkli<br \/>\nvideo \u00fcretir ve di\u011fer kameralar\u0131n hi\u00e7 g\u00f6r\u00fcnt\u00fc g\u00f6stermedi\u011fi durumlarda<br \/>\nbu \u00fcr\u00fcn ayr\u0131nt\u0131l\u0131 siyah beyaz g\u00f6r\u00fcnt\u00fcler g\u00f6sterir.<\/p>\n","protected":false},"featured_media":2476,"comment_status":"open","ping_status":"closed","template":"","meta":[],"product_brand":[],"product_cat":[236],"product_tag":[162,270,268,269],"class_list":{"0":"post-2475","1":"product","2":"type-product","3":"status-publish","4":"has-post-thumbnail","6":"product_cat-ip-kamera","7":"product_tag-bosch","8":"product_tag-dinion-ip-starlight-8000-mp","9":"product_tag-nbn-80052-ba","10":"product_tag-sabit-kamera-5mp","12":"first","13":"instock","14":"sold-individually","15":"taxable","16":"shipping-taxable","17":"product-type-simple"},"yoast_head":"<!-- This site is optimized with the Yoast SEO plugin v26.0 - https:\/\/yoast.com\/wordpress\/plugins\/seo\/ -->\n<title>DINION IP Starlight 8000 5MP IVA (Lens hari\u00e7) - Mega G\u00fcvenlik Sistemleri<\/title>\n<meta name=\"robots\" content=\"index, follow, max-snippet:-1, max-image-preview:large, max-video-preview:-1\" \/>\n<link rel=\"canonical\" href=\"https:\/\/www.megaguvenlik.com\/?product=dinion-ip-starlight-8000-5mp-iva-lens-haric\" \/>\n<meta property=\"og:locale\" content=\"tr_TR\" \/>\n<meta property=\"og:type\" content=\"article\" \/>\n<meta property=\"og:title\" content=\"DINION IP Starlight 8000 5MP IVA (Lens hari\u00e7) - Mega G\u00fcvenlik Sistemleri\" \/>\n<meta property=\"og:description\" content=\"NBN-80052-BA DINION IP starlight 8000 MP, g\u00fcn\u00fcn her an\u0131nda g\u00f6zetim i\u00e7in yeni bir standart sunuyor. Ayd\u0131nlatma ko\u015fullar\u0131ndan, g\u00fcn\u00fcn saatinden veya nesne hareketinden ba\u011f\u0131ms\u0131z olarak, kamera 7\/24 ilgili IP videoyu sa\u011flar. \u00c7ok d\u00fc\u015f\u00fck \u0131\u015f\u0131k ko\u015fullar\u0131nda dahi 5 megapiksel \u00e7\u00f6z\u00fcn\u00fcrl\u00fckte (3K) 16:9 g\u00f6r\u00fcnt\u00fcler yakalayarak inan\u0131lmaz ayr\u0131nt\u0131l\u0131 g\u00f6r\u00fcnt\u00fcler sa\u011flar. Kamera alaca karanl\u0131kta \u00e7oklu megapiksel \u00e7\u00f6z\u00fcn\u00fcrl\u00fckl\u00fc tam renkli video \u00fcretir ve di\u011fer kameralar\u0131n hi\u00e7 g\u00f6r\u00fcnt\u00fc g\u00f6stermedi\u011fi durumlarda bu \u00fcr\u00fcn ayr\u0131nt\u0131l\u0131 siyah beyaz g\u00f6r\u00fcnt\u00fcler g\u00f6sterir.\" \/>\n<meta property=\"og:url\" content=\"https:\/\/www.megaguvenlik.com\/?product=dinion-ip-starlight-8000-5mp-iva-lens-haric\" \/>\n<meta property=\"og:site_name\" content=\"Mega G\u00fcvenlik Sistemleri\" \/>\n<meta property=\"article:modified_time\" content=\"2022-02-14T19:28:02+00:00\" \/>\n<meta property=\"og:image\" content=\"https:\/\/www.megaguvenlik.com\/wp-content\/uploads\/2021\/12\/1418301971_1080258.jpg\" \/>\n\t<meta property=\"og:image:width\" content=\"500\" \/>\n\t<meta property=\"og:image:height\" content=\"500\" \/>\n\t<meta property=\"og:image:type\" content=\"image\/jpeg\" \/>\n<meta name=\"twitter:card\" content=\"summary_large_image\" \/>\n<meta name=\"twitter:label1\" content=\"Tahmini okuma s\u00fcresi\" \/>\n\t<meta name=\"twitter:data1\" content=\"1 dakika\" \/>\n<script type=\"application\/ld+json\" class=\"yoast-schema-graph\">{\"@context\":\"https:\/\/schema.org\",\"@graph\":[{\"@type\":\"WebPage\",\"@id\":\"https:\/\/www.megaguvenlik.com\/?product=dinion-ip-starlight-8000-5mp-iva-lens-haric\",\"url\":\"https:\/\/www.megaguvenlik.com\/?product=dinion-ip-starlight-8000-5mp-iva-lens-haric\",\"name\":\"DINION IP Starlight 8000 5MP IVA (Lens hari\u00e7) - Mega G\u00fcvenlik Sistemleri\",\"isPartOf\":{\"@id\":\"https:\/\/www.megaguvenlik.com\/#website\"},\"primaryImageOfPage\":{\"@id\":\"https:\/\/www.megaguvenlik.com\/?product=dinion-ip-starlight-8000-5mp-iva-lens-haric#primaryimage\"},\"image\":{\"@id\":\"https:\/\/www.megaguvenlik.com\/?product=dinion-ip-starlight-8000-5mp-iva-lens-haric#primaryimage\"},\"thumbnailUrl\":\"https:\/\/www.megaguvenlik.com\/wp-content\/uploads\/2021\/12\/1418301971_1080258.jpg\",\"datePublished\":\"2021-12-07T10:37:30+00:00\",\"dateModified\":\"2022-02-14T19:28:02+00:00\",\"breadcrumb\":{\"@id\":\"https:\/\/www.megaguvenlik.com\/?product=dinion-ip-starlight-8000-5mp-iva-lens-haric#breadcrumb\"},\"inLanguage\":\"tr\",\"potentialAction\":[{\"@type\":\"ReadAction\",\"target\":[\"https:\/\/www.megaguvenlik.com\/?product=dinion-ip-starlight-8000-5mp-iva-lens-haric\"]}]},{\"@type\":\"ImageObject\",\"inLanguage\":\"tr\",\"@id\":\"https:\/\/www.megaguvenlik.com\/?product=dinion-ip-starlight-8000-5mp-iva-lens-haric#primaryimage\",\"url\":\"https:\/\/www.megaguvenlik.com\/wp-content\/uploads\/2021\/12\/1418301971_1080258.jpg\",\"contentUrl\":\"https:\/\/www.megaguvenlik.com\/wp-content\/uploads\/2021\/12\/1418301971_1080258.jpg\",\"width\":500,\"height\":500},{\"@type\":\"BreadcrumbList\",\"@id\":\"https:\/\/www.megaguvenlik.com\/?product=dinion-ip-starlight-8000-5mp-iva-lens-haric#breadcrumb\",\"itemListElement\":[{\"@type\":\"ListItem\",\"position\":1,\"name\":\"Anasayfa\",\"item\":\"https:\/\/www.megaguvenlik.com\/\"},{\"@type\":\"ListItem\",\"position\":2,\"name\":\"Ma\u011faza\",\"item\":\"https:\/\/www.megaguvenlik.com\/?page_id=323\"},{\"@type\":\"ListItem\",\"position\":3,\"name\":\"DINION IP Starlight 8000 5MP IVA (Lens hari\u00e7)\"}]},{\"@type\":\"WebSite\",\"@id\":\"https:\/\/www.megaguvenlik.com\/#website\",\"url\":\"https:\/\/www.megaguvenlik.com\/\",\"name\":\"Mega G\u00fcvenlik Sistemleri\",\"description\":\"Kamera | Yang\u0131n Alarm | Network | Acil Anons\",\"potentialAction\":[{\"@type\":\"SearchAction\",\"target\":{\"@type\":\"EntryPoint\",\"urlTemplate\":\"https:\/\/www.megaguvenlik.com\/?s={search_term_string}\"},\"query-input\":{\"@type\":\"PropertyValueSpecification\",\"valueRequired\":true,\"valueName\":\"search_term_string\"}}],\"inLanguage\":\"tr\"}]}<\/script>\n<!-- \/ Yoast SEO plugin. -->","yoast_head_json":{"title":"DINION IP Starlight 8000 5MP IVA (Lens hari\u00e7) - Mega G\u00fcvenlik Sistemleri","robots":{"index":"index","follow":"follow","max-snippet":"max-snippet:-1","max-image-preview":"max-image-preview:large","max-video-preview":"max-video-preview:-1"},"canonical":"https:\/\/www.megaguvenlik.com\/?product=dinion-ip-starlight-8000-5mp-iva-lens-haric","og_locale":"tr_TR","og_type":"article","og_title":"DINION IP Starlight 8000 5MP IVA (Lens hari\u00e7) - Mega G\u00fcvenlik Sistemleri","og_description":"NBN-80052-BA DINION IP starlight 8000 MP, g\u00fcn\u00fcn her an\u0131nda g\u00f6zetim i\u00e7in yeni bir standart sunuyor. Ayd\u0131nlatma ko\u015fullar\u0131ndan, g\u00fcn\u00fcn saatinden veya nesne hareketinden ba\u011f\u0131ms\u0131z olarak, kamera 7\/24 ilgili IP videoyu sa\u011flar. \u00c7ok d\u00fc\u015f\u00fck \u0131\u015f\u0131k ko\u015fullar\u0131nda dahi 5 megapiksel \u00e7\u00f6z\u00fcn\u00fcrl\u00fckte (3K) 16:9 g\u00f6r\u00fcnt\u00fcler yakalayarak inan\u0131lmaz ayr\u0131nt\u0131l\u0131 g\u00f6r\u00fcnt\u00fcler sa\u011flar. Kamera alaca karanl\u0131kta \u00e7oklu megapiksel \u00e7\u00f6z\u00fcn\u00fcrl\u00fckl\u00fc tam renkli video \u00fcretir ve di\u011fer kameralar\u0131n hi\u00e7 g\u00f6r\u00fcnt\u00fc g\u00f6stermedi\u011fi durumlarda bu \u00fcr\u00fcn ayr\u0131nt\u0131l\u0131 siyah beyaz g\u00f6r\u00fcnt\u00fcler g\u00f6sterir.","og_url":"https:\/\/www.megaguvenlik.com\/?product=dinion-ip-starlight-8000-5mp-iva-lens-haric","og_site_name":"Mega G\u00fcvenlik Sistemleri","article_modified_time":"2022-02-14T19:28:02+00:00","og_image":[{"width":500,"height":500,"url":"https:\/\/www.megaguvenlik.com\/wp-content\/uploads\/2021\/12\/1418301971_1080258.jpg","type":"image\/jpeg"}],"twitter_card":"summary_large_image","twitter_misc":{"Tahmini okuma s\u00fcresi":"1 dakika"},"schema":{"@context":"https:\/\/schema.org","@graph":[{"@type":"WebPage","@id":"https:\/\/www.megaguvenlik.com\/?product=dinion-ip-starlight-8000-5mp-iva-lens-haric","url":"https:\/\/www.megaguvenlik.com\/?product=dinion-ip-starlight-8000-5mp-iva-lens-haric","name":"DINION IP Starlight 8000 5MP IVA (Lens hari\u00e7) - Mega G\u00fcvenlik Sistemleri","isPartOf":{"@id":"https:\/\/www.megaguvenlik.com\/#website"},"primaryImageOfPage":{"@id":"https:\/\/www.megaguvenlik.com\/?product=dinion-ip-starlight-8000-5mp-iva-lens-haric#primaryimage"},"image":{"@id":"https:\/\/www.megaguvenlik.com\/?product=dinion-ip-starlight-8000-5mp-iva-lens-haric#primaryimage"},"thumbnailUrl":"https:\/\/www.megaguvenlik.com\/wp-content\/uploads\/2021\/12\/1418301971_1080258.jpg","datePublished":"2021-12-07T10:37:30+00:00","dateModified":"2022-02-14T19:28:02+00:00","breadcrumb":{"@id":"https:\/\/www.megaguvenlik.com\/?product=dinion-ip-starlight-8000-5mp-iva-lens-haric#breadcrumb"},"inLanguage":"tr","potentialAction":[{"@type":"ReadAction","target":["https:\/\/www.megaguvenlik.com\/?product=dinion-ip-starlight-8000-5mp-iva-lens-haric"]}]},{"@type":"ImageObject","inLanguage":"tr","@id":"https:\/\/www.megaguvenlik.com\/?product=dinion-ip-starlight-8000-5mp-iva-lens-haric#primaryimage","url":"https:\/\/www.megaguvenlik.com\/wp-content\/uploads\/2021\/12\/1418301971_1080258.jpg","contentUrl":"https:\/\/www.megaguvenlik.com\/wp-content\/uploads\/2021\/12\/1418301971_1080258.jpg","width":500,"height":500},{"@type":"BreadcrumbList","@id":"https:\/\/www.megaguvenlik.com\/?product=dinion-ip-starlight-8000-5mp-iva-lens-haric#breadcrumb","itemListElement":[{"@type":"ListItem","position":1,"name":"Anasayfa","item":"https:\/\/www.megaguvenlik.com\/"},{"@type":"ListItem","position":2,"name":"Ma\u011faza","item":"https:\/\/www.megaguvenlik.com\/?page_id=323"},{"@type":"ListItem","position":3,"name":"DINION IP Starlight 8000 5MP IVA (Lens hari\u00e7)"}]},{"@type":"WebSite","@id":"https:\/\/www.megaguvenlik.com\/#website","url":"https:\/\/www.megaguvenlik.com\/","name":"Mega G\u00fcvenlik Sistemleri","description":"Kamera | Yang\u0131n Alarm | Network | Acil Anons","potentialAction":[{"@type":"SearchAction","target":{"@type":"EntryPoint","urlTemplate":"https:\/\/www.megaguvenlik.com\/?s={search_term_string}"},"query-input":{"@type":"PropertyValueSpecification","valueRequired":true,"valueName":"search_term_string"}}],"inLanguage":"tr"}]}},"_links":{"self":[{"href":"https:\/\/www.megaguvenlik.com\/index.php?rest_route=\/wp\/v2\/product\/2475","targetHints":{"allow":["GET"]}}],"collection":[{"href":"https:\/\/www.megaguvenlik.com\/index.php?rest_route=\/wp\/v2\/product"}],"about":[{"href":"https:\/\/www.megaguvenlik.com\/index.php?rest_route=\/wp\/v2\/types\/product"}],"replies":[{"embeddable":true,"href":"https:\/\/www.megaguvenlik.com\/index.php?rest_route=%2Fwp%2Fv2%2Fcomments&post=2475"}],"wp:featuredmedia":[{"embeddable":true,"href":"https:\/\/www.megaguvenlik.com\/index.php?rest_route=\/wp\/v2\/media\/2476"}],"wp:attachment":[{"href":"https:\/\/www.megaguvenlik.com\/index.php?rest_route=%2Fwp%2Fv2%2Fmedia&parent=2475"}],"wp:term":[{"taxonomy":"product_brand","embeddable":true,"href":"https:\/\/www.megaguvenlik.com\/index.php?rest_route=%2Fwp%2Fv2%2Fproduct_brand&post=2475"},{"taxonomy":"product_cat","embeddable":true,"href":"https:\/\/www.megaguvenlik.com\/index.php?rest_route=%2Fwp%2Fv2%2Fproduct_cat&post=2475"},{"taxonomy":"product_tag","embeddable":true,"href":"https:\/\/www.megaguvenlik.com\/index.php?rest_route=%2Fwp%2Fv2%2Fproduct_tag&post=2475"}],"curies":[{"name":"wp","href":"https:\/\/api.w.org\/{rel}","templated":true}]}}