{"id":2524,"date":"2022-07-02T13:07:34","date_gmt":"2022-07-02T10:07:34","guid":{"rendered":"https:\/\/www.megaguvenlik.com\/?post_type=product&#038;p=2524"},"modified":"2022-07-02T13:39:04","modified_gmt":"2022-07-02T10:39:04","slug":"avenar-8000","status":"publish","type":"product","link":"https:\/\/www.megaguvenlik.com\/?product=avenar-8000","title":{"rendered":"Avenar 8000 Yang\u0131n Paneli"},"content":{"rendered":"<p>320&#215;240 LCD Touchscreen,<\/p>\n<p>1 Loop (48 Loop&#8217;a kadar geni\u015fletilebilir )<\/p>\n<p>Fire Alarm Panel, with 2x24Ah Accumulator<\/p>\n","protected":false},"excerpt":{"rendered":"<p><a href=\"https:\/\/resources-boschsecurity-cdn.azureedge.net\/public\/documents\/Panel_controller_FPE_Data_sheet_trTR_82034518795.pdf\">Panel_controller_FPE-8000-SPC_PPC_Datasheet_51_tr_74610565003 (azureedge.net)<\/a><img loading=\"lazy\" decoding=\"async\" class=\"alignnone size-medium wp-image-2525\" src=\"https:\/\/www.megaguvenlik.com\/wp-content\/uploads\/2022\/02\/avenar8000-300x201.jpg\" alt=\"\" width=\"300\" height=\"201\" srcset=\"https:\/\/www.megaguvenlik.com\/wp-content\/uploads\/2022\/02\/avenar8000-300x201.jpg 300w, https:\/\/www.megaguvenlik.com\/wp-content\/uploads\/2022\/02\/avenar8000-600x401.jpg 600w, https:\/\/www.megaguvenlik.com\/wp-content\/uploads\/2022\/02\/avenar8000-450x301.jpg 450w, https:\/\/www.megaguvenlik.com\/wp-content\/uploads\/2022\/02\/avenar8000-595x398.jpg 595w, https:\/\/www.megaguvenlik.com\/wp-content\/uploads\/2022\/02\/avenar8000.jpg 700w\" sizes=\"auto, (max-width: 300px) 100vw, 300px\" \/><\/p>\n","protected":false},"featured_media":2525,"comment_status":"open","ping_status":"closed","template":"","meta":[],"product_brand":[],"product_cat":[169,170],"product_tag":[],"class_list":{"0":"post-2524","1":"product","2":"type-product","3":"status-publish","4":"has-post-thumbnail","6":"product_cat-yangin-alarm-sistemleri","7":"product_cat-yangin-alarm-panelleri","9":"first","10":"instock","11":"taxable","12":"shipping-taxable","13":"product-type-simple"},"yoast_head":"<!-- This site is optimized with the Yoast SEO plugin v26.0 - https:\/\/yoast.com\/wordpress\/plugins\/seo\/ -->\n<title>Avenar 8000 Yang\u0131n Paneli - Mega G\u00fcvenlik Sistemleri<\/title>\n<meta name=\"description\" content=\"Alarmlar\u0131 ve olaylar\u0131 g\u00f6stermek i\u00e7in parlak renklere sahip y\u00fcksek \u00e7\u00f6z\u00fcn\u00fcrl\u00fckl\u00fc ekranSabit ve programlanabilir, dolay\u0131s\u0131yla duruma uyarlanabilir d\u00fc\u011fmelere sahip 8 in\u00e7 dokunmatik y\u00fczeyA\u011f ileti\u015fimi ve uzak hizmetler, bina y\u00f6netimi ve sesli alarm sistemleri aray\u00fczleri i\u00e7in entegre Ethernet anahtar\u0131Yerel gerekliliklere ve y\u00f6netmeliklere g\u00f6re uyarlanabilir\" \/>\n<meta name=\"robots\" content=\"index, follow, max-snippet:-1, max-image-preview:large, max-video-preview:-1\" \/>\n<link rel=\"canonical\" href=\"https:\/\/www.megaguvenlik.com\/?product=avenar-8000\" \/>\n<meta property=\"og:locale\" content=\"tr_TR\" \/>\n<meta property=\"og:type\" content=\"article\" \/>\n<meta property=\"og:title\" content=\"Avenar 8000 Yang\u0131n Paneli - Mega G\u00fcvenlik Sistemleri\" \/>\n<meta property=\"og:description\" content=\"Alarmlar\u0131 ve olaylar\u0131 g\u00f6stermek i\u00e7in parlak renklere sahip y\u00fcksek \u00e7\u00f6z\u00fcn\u00fcrl\u00fckl\u00fc ekranSabit ve programlanabilir, dolay\u0131s\u0131yla duruma uyarlanabilir d\u00fc\u011fmelere sahip 8 in\u00e7 dokunmatik y\u00fczeyA\u011f ileti\u015fimi ve uzak hizmetler, bina y\u00f6netimi ve sesli alarm sistemleri aray\u00fczleri i\u00e7in entegre Ethernet anahtar\u0131Yerel gerekliliklere ve y\u00f6netmeliklere g\u00f6re uyarlanabilir\" \/>\n<meta property=\"og:url\" content=\"https:\/\/www.megaguvenlik.com\/?product=avenar-8000\" \/>\n<meta property=\"og:site_name\" content=\"Mega G\u00fcvenlik Sistemleri\" \/>\n<meta property=\"article:modified_time\" content=\"2022-07-02T10:39:04+00:00\" \/>\n<meta property=\"og:image\" content=\"https:\/\/www.megaguvenlik.com\/wp-content\/uploads\/2022\/02\/avenar8000.jpg\" \/>\n\t<meta property=\"og:image:width\" content=\"700\" \/>\n\t<meta property=\"og:image:height\" content=\"468\" \/>\n\t<meta property=\"og:image:type\" content=\"image\/jpeg\" \/>\n<meta name=\"twitter:card\" content=\"summary_large_image\" \/>\n<meta name=\"twitter:label1\" content=\"Tahmini okuma s\u00fcresi\" \/>\n\t<meta name=\"twitter:data1\" content=\"1 dakika\" \/>\n<script type=\"application\/ld+json\" class=\"yoast-schema-graph\">{\"@context\":\"https:\/\/schema.org\",\"@graph\":[{\"@type\":\"WebPage\",\"@id\":\"https:\/\/www.megaguvenlik.com\/?product=avenar-8000\",\"url\":\"https:\/\/www.megaguvenlik.com\/?product=avenar-8000\",\"name\":\"Avenar 8000 Yang\u0131n Paneli - Mega G\u00fcvenlik Sistemleri\",\"isPartOf\":{\"@id\":\"https:\/\/www.megaguvenlik.com\/#website\"},\"primaryImageOfPage\":{\"@id\":\"https:\/\/www.megaguvenlik.com\/?product=avenar-8000#primaryimage\"},\"image\":{\"@id\":\"https:\/\/www.megaguvenlik.com\/?product=avenar-8000#primaryimage\"},\"thumbnailUrl\":\"https:\/\/www.megaguvenlik.com\/wp-content\/uploads\/2022\/02\/avenar8000.jpg\",\"datePublished\":\"2022-07-02T10:07:34+00:00\",\"dateModified\":\"2022-07-02T10:39:04+00:00\",\"description\":\"Alarmlar\u0131 ve olaylar\u0131 g\u00f6stermek i\u00e7in parlak renklere sahip y\u00fcksek \u00e7\u00f6z\u00fcn\u00fcrl\u00fckl\u00fc ekranSabit ve programlanabilir, dolay\u0131s\u0131yla duruma uyarlanabilir d\u00fc\u011fmelere sahip 8 in\u00e7 dokunmatik y\u00fczeyA\u011f ileti\u015fimi ve uzak hizmetler, bina y\u00f6netimi ve sesli alarm sistemleri aray\u00fczleri i\u00e7in entegre Ethernet anahtar\u0131Yerel gerekliliklere ve y\u00f6netmeliklere g\u00f6re uyarlanabilir\",\"breadcrumb\":{\"@id\":\"https:\/\/www.megaguvenlik.com\/?product=avenar-8000#breadcrumb\"},\"inLanguage\":\"tr\",\"potentialAction\":[{\"@type\":\"ReadAction\",\"target\":[\"https:\/\/www.megaguvenlik.com\/?product=avenar-8000\"]}]},{\"@type\":\"ImageObject\",\"inLanguage\":\"tr\",\"@id\":\"https:\/\/www.megaguvenlik.com\/?product=avenar-8000#primaryimage\",\"url\":\"https:\/\/www.megaguvenlik.com\/wp-content\/uploads\/2022\/02\/avenar8000.jpg\",\"contentUrl\":\"https:\/\/www.megaguvenlik.com\/wp-content\/uploads\/2022\/02\/avenar8000.jpg\",\"width\":700,\"height\":468},{\"@type\":\"BreadcrumbList\",\"@id\":\"https:\/\/www.megaguvenlik.com\/?product=avenar-8000#breadcrumb\",\"itemListElement\":[{\"@type\":\"ListItem\",\"position\":1,\"name\":\"Anasayfa\",\"item\":\"https:\/\/www.megaguvenlik.com\/\"},{\"@type\":\"ListItem\",\"position\":2,\"name\":\"Ma\u011faza\",\"item\":\"https:\/\/www.megaguvenlik.com\/?page_id=323\"},{\"@type\":\"ListItem\",\"position\":3,\"name\":\"Avenar 8000 Yang\u0131n Paneli\"}]},{\"@type\":\"WebSite\",\"@id\":\"https:\/\/www.megaguvenlik.com\/#website\",\"url\":\"https:\/\/www.megaguvenlik.com\/\",\"name\":\"Mega G\u00fcvenlik Sistemleri\",\"description\":\"Kamera | Yang\u0131n Alarm | Network | Acil Anons\",\"potentialAction\":[{\"@type\":\"SearchAction\",\"target\":{\"@type\":\"EntryPoint\",\"urlTemplate\":\"https:\/\/www.megaguvenlik.com\/?s={search_term_string}\"},\"query-input\":{\"@type\":\"PropertyValueSpecification\",\"valueRequired\":true,\"valueName\":\"search_term_string\"}}],\"inLanguage\":\"tr\"}]}<\/script>\n<!-- \/ Yoast SEO plugin. -->","yoast_head_json":{"title":"Avenar 8000 Yang\u0131n Paneli - Mega G\u00fcvenlik Sistemleri","description":"Alarmlar\u0131 ve olaylar\u0131 g\u00f6stermek i\u00e7in parlak renklere sahip y\u00fcksek \u00e7\u00f6z\u00fcn\u00fcrl\u00fckl\u00fc ekranSabit ve programlanabilir, dolay\u0131s\u0131yla duruma uyarlanabilir d\u00fc\u011fmelere sahip 8 in\u00e7 dokunmatik y\u00fczeyA\u011f ileti\u015fimi ve uzak hizmetler, bina y\u00f6netimi ve sesli alarm sistemleri aray\u00fczleri i\u00e7in entegre Ethernet anahtar\u0131Yerel gerekliliklere ve y\u00f6netmeliklere g\u00f6re uyarlanabilir","robots":{"index":"index","follow":"follow","max-snippet":"max-snippet:-1","max-image-preview":"max-image-preview:large","max-video-preview":"max-video-preview:-1"},"canonical":"https:\/\/www.megaguvenlik.com\/?product=avenar-8000","og_locale":"tr_TR","og_type":"article","og_title":"Avenar 8000 Yang\u0131n Paneli - Mega G\u00fcvenlik Sistemleri","og_description":"Alarmlar\u0131 ve olaylar\u0131 g\u00f6stermek i\u00e7in parlak renklere sahip y\u00fcksek \u00e7\u00f6z\u00fcn\u00fcrl\u00fckl\u00fc ekranSabit ve programlanabilir, dolay\u0131s\u0131yla duruma uyarlanabilir d\u00fc\u011fmelere sahip 8 in\u00e7 dokunmatik y\u00fczeyA\u011f ileti\u015fimi ve uzak hizmetler, bina y\u00f6netimi ve sesli alarm sistemleri aray\u00fczleri i\u00e7in entegre Ethernet anahtar\u0131Yerel gerekliliklere ve y\u00f6netmeliklere g\u00f6re uyarlanabilir","og_url":"https:\/\/www.megaguvenlik.com\/?product=avenar-8000","og_site_name":"Mega G\u00fcvenlik Sistemleri","article_modified_time":"2022-07-02T10:39:04+00:00","og_image":[{"width":700,"height":468,"url":"https:\/\/www.megaguvenlik.com\/wp-content\/uploads\/2022\/02\/avenar8000.jpg","type":"image\/jpeg"}],"twitter_card":"summary_large_image","twitter_misc":{"Tahmini okuma s\u00fcresi":"1 dakika"},"schema":{"@context":"https:\/\/schema.org","@graph":[{"@type":"WebPage","@id":"https:\/\/www.megaguvenlik.com\/?product=avenar-8000","url":"https:\/\/www.megaguvenlik.com\/?product=avenar-8000","name":"Avenar 8000 Yang\u0131n Paneli - Mega G\u00fcvenlik Sistemleri","isPartOf":{"@id":"https:\/\/www.megaguvenlik.com\/#website"},"primaryImageOfPage":{"@id":"https:\/\/www.megaguvenlik.com\/?product=avenar-8000#primaryimage"},"image":{"@id":"https:\/\/www.megaguvenlik.com\/?product=avenar-8000#primaryimage"},"thumbnailUrl":"https:\/\/www.megaguvenlik.com\/wp-content\/uploads\/2022\/02\/avenar8000.jpg","datePublished":"2022-07-02T10:07:34+00:00","dateModified":"2022-07-02T10:39:04+00:00","description":"Alarmlar\u0131 ve olaylar\u0131 g\u00f6stermek i\u00e7in parlak renklere sahip y\u00fcksek \u00e7\u00f6z\u00fcn\u00fcrl\u00fckl\u00fc ekranSabit ve programlanabilir, dolay\u0131s\u0131yla duruma uyarlanabilir d\u00fc\u011fmelere sahip 8 in\u00e7 dokunmatik y\u00fczeyA\u011f ileti\u015fimi ve uzak hizmetler, bina y\u00f6netimi ve sesli alarm sistemleri aray\u00fczleri i\u00e7in entegre Ethernet anahtar\u0131Yerel gerekliliklere ve y\u00f6netmeliklere g\u00f6re uyarlanabilir","breadcrumb":{"@id":"https:\/\/www.megaguvenlik.com\/?product=avenar-8000#breadcrumb"},"inLanguage":"tr","potentialAction":[{"@type":"ReadAction","target":["https:\/\/www.megaguvenlik.com\/?product=avenar-8000"]}]},{"@type":"ImageObject","inLanguage":"tr","@id":"https:\/\/www.megaguvenlik.com\/?product=avenar-8000#primaryimage","url":"https:\/\/www.megaguvenlik.com\/wp-content\/uploads\/2022\/02\/avenar8000.jpg","contentUrl":"https:\/\/www.megaguvenlik.com\/wp-content\/uploads\/2022\/02\/avenar8000.jpg","width":700,"height":468},{"@type":"BreadcrumbList","@id":"https:\/\/www.megaguvenlik.com\/?product=avenar-8000#breadcrumb","itemListElement":[{"@type":"ListItem","position":1,"name":"Anasayfa","item":"https:\/\/www.megaguvenlik.com\/"},{"@type":"ListItem","position":2,"name":"Ma\u011faza","item":"https:\/\/www.megaguvenlik.com\/?page_id=323"},{"@type":"ListItem","position":3,"name":"Avenar 8000 Yang\u0131n Paneli"}]},{"@type":"WebSite","@id":"https:\/\/www.megaguvenlik.com\/#website","url":"https:\/\/www.megaguvenlik.com\/","name":"Mega G\u00fcvenlik Sistemleri","description":"Kamera | Yang\u0131n Alarm | Network | Acil Anons","potentialAction":[{"@type":"SearchAction","target":{"@type":"EntryPoint","urlTemplate":"https:\/\/www.megaguvenlik.com\/?s={search_term_string}"},"query-input":{"@type":"PropertyValueSpecification","valueRequired":true,"valueName":"search_term_string"}}],"inLanguage":"tr"}]}},"_links":{"self":[{"href":"https:\/\/www.megaguvenlik.com\/index.php?rest_route=\/wp\/v2\/product\/2524","targetHints":{"allow":["GET"]}}],"collection":[{"href":"https:\/\/www.megaguvenlik.com\/index.php?rest_route=\/wp\/v2\/product"}],"about":[{"href":"https:\/\/www.megaguvenlik.com\/index.php?rest_route=\/wp\/v2\/types\/product"}],"replies":[{"embeddable":true,"href":"https:\/\/www.megaguvenlik.com\/index.php?rest_route=%2Fwp%2Fv2%2Fcomments&post=2524"}],"wp:featuredmedia":[{"embeddable":true,"href":"https:\/\/www.megaguvenlik.com\/index.php?rest_route=\/wp\/v2\/media\/2525"}],"wp:attachment":[{"href":"https:\/\/www.megaguvenlik.com\/index.php?rest_route=%2Fwp%2Fv2%2Fmedia&parent=2524"}],"wp:term":[{"taxonomy":"product_brand","embeddable":true,"href":"https:\/\/www.megaguvenlik.com\/index.php?rest_route=%2Fwp%2Fv2%2Fproduct_brand&post=2524"},{"taxonomy":"product_cat","embeddable":true,"href":"https:\/\/www.megaguvenlik.com\/index.php?rest_route=%2Fwp%2Fv2%2Fproduct_cat&post=2524"},{"taxonomy":"product_tag","embeddable":true,"href":"https:\/\/www.megaguvenlik.com\/index.php?rest_route=%2Fwp%2Fv2%2Fproduct_tag&post=2524"}],"curies":[{"name":"wp","href":"https:\/\/api.w.org\/{rel}","templated":true}]}}