{"id":4284,"date":"2025-10-08T10:38:38","date_gmt":"2025-10-08T07:38:38","guid":{"rendered":"https:\/\/www.megaguvenlik.com\/?post_type=product&#038;p=4284"},"modified":"2025-11-25T18:21:57","modified_gmt":"2025-11-25T15:21:57","slug":"4-mp-h-265-ir-dome-starlight-kamera30m-ir","status":"publish","type":"product","link":"https:\/\/www.megaguvenlik.com\/?product=4-mp-h-265-ir-dome-starlight-kamera30m-ir","title":{"rendered":"DAHUA IPC-HDW1431T-AS-S2"},"content":{"rendered":"<p>4 MP H.265+ IR Dome Starlight Kamera(30m IR)1 \/ 3 &#8221; CMOS,2.8mm, 3.6mm Sabit Lens, 0.008 L\u00fcx RenkliBLC\/HLC\/WDR(120dB), 3DNR, AWB, AGC, ICR, SD Kart Deste\u011fi(256GB)IP67, PoE, 20fps@4MP(2688 \u00d7 1520),<br \/>\nMetal Kasa<\/p>\n","protected":false},"excerpt":{"rendered":"<p>4 MP H.265+ IR Dome Starlight Kamera(30m IR)1 \/ 3 &#8221; CMOS,2.8mm, 3.6mm Sabit Lens, 0.008 L\u00fcx RenkliBLC\/HLC\/WDR(120dB), 3DNR, AWB, AGC, ICR, SD Kart Deste\u011fi(256GB)IP67, PoE, 20fps@4MP(2688 \u00d7 1520),<br \/>\nMetal Kasa<\/p>\n","protected":false},"featured_media":4417,"comment_status":"open","ping_status":"closed","template":"","meta":[],"product_brand":[],"product_cat":[338,236,199],"product_tag":[340,339,343],"class_list":{"0":"post-4284","1":"product","2":"type-product","3":"status-publish","4":"has-post-thumbnail","6":"product_cat-dahua","7":"product_cat-ip-kamera","8":"product_cat-kamera-sistemleri","9":"product_tag-alhua","10":"product_tag-dahua","11":"product_tag-dome-camera","13":"first","14":"instock","15":"taxable","16":"shipping-taxable","17":"product-type-simple"},"yoast_head":"<!-- This site is optimized with the Yoast SEO plugin v26.0 - https:\/\/yoast.com\/wordpress\/plugins\/seo\/ -->\n<title>DAHUA IPC-HDW1431T-AS-S2 - Mega G\u00fcvenlik Sistemleri<\/title>\n<meta name=\"description\" content=\"Dahua IPC-HDW1431T-AS-S2 4MP Eyeball IP KameraDahua IPC-HDW1431T-AS-S2, 4MP y\u00fcksek \u00e7\u00f6z\u00fcn\u00fcrl\u00fckl\u00fc g\u00f6r\u00fcnt\u00fc kalitesiyle profesyonel g\u00fcvenlik uygulamalar\u0131 i\u00e7in tasarlanm\u0131\u015f bir IP kamerad\u0131r. 1\/3\u201d CMOS sens\u00f6r ve 2.8 mm sabit lensiyle geni\u015f alanlarda net g\u00f6r\u00fcnt\u00fc sa\u011flar. Gece g\u00f6r\u00fc\u015f (IR 30m) \u00f6zelli\u011fi sayesinde d\u00fc\u015f\u00fck \u0131\u015f\u0131k ko\u015fullar\u0131nda dahi kesintisiz kay\u0131t sunar. Dahili mikrofon, IP67 koruma standard\u0131 ve PoE deste\u011fi ile hem i\u00e7 hem d\u0131\u015f mek\u00e2nlarda g\u00fcvenilir performans sa\u011flar. WDR, BLC, 3DNR gibi geli\u015fmi\u015f g\u00f6r\u00fcnt\u00fc i\u015fleme teknolojileriyle her ortamda net ve dengeli g\u00f6r\u00fcnt\u00fcler elde edilir.\" \/>\n<meta name=\"robots\" content=\"index, follow, max-snippet:-1, max-image-preview:large, max-video-preview:-1\" \/>\n<link rel=\"canonical\" href=\"https:\/\/www.megaguvenlik.com\/?product=4-mp-h-265-ir-dome-starlight-kamera30m-ir\" \/>\n<meta property=\"og:locale\" content=\"tr_TR\" \/>\n<meta property=\"og:type\" content=\"article\" \/>\n<meta property=\"og:title\" content=\"DAHUA IPC-HDW1431T-AS-S2 - Mega G\u00fcvenlik Sistemleri\" \/>\n<meta property=\"og:description\" content=\"Dahua IPC-HDW1431T-AS-S2 4MP Eyeball IP KameraDahua IPC-HDW1431T-AS-S2, 4MP y\u00fcksek \u00e7\u00f6z\u00fcn\u00fcrl\u00fckl\u00fc g\u00f6r\u00fcnt\u00fc kalitesiyle profesyonel g\u00fcvenlik uygulamalar\u0131 i\u00e7in tasarlanm\u0131\u015f bir IP kamerad\u0131r. 1\/3\u201d CMOS sens\u00f6r ve 2.8 mm sabit lensiyle geni\u015f alanlarda net g\u00f6r\u00fcnt\u00fc sa\u011flar. Gece g\u00f6r\u00fc\u015f (IR 30m) \u00f6zelli\u011fi sayesinde d\u00fc\u015f\u00fck \u0131\u015f\u0131k ko\u015fullar\u0131nda dahi kesintisiz kay\u0131t sunar. Dahili mikrofon, IP67 koruma standard\u0131 ve PoE deste\u011fi ile hem i\u00e7 hem d\u0131\u015f mek\u00e2nlarda g\u00fcvenilir performans sa\u011flar. WDR, BLC, 3DNR gibi geli\u015fmi\u015f g\u00f6r\u00fcnt\u00fc i\u015fleme teknolojileriyle her ortamda net ve dengeli g\u00f6r\u00fcnt\u00fcler elde edilir.\" \/>\n<meta property=\"og:url\" content=\"https:\/\/www.megaguvenlik.com\/?product=4-mp-h-265-ir-dome-starlight-kamera30m-ir\" \/>\n<meta property=\"og:site_name\" content=\"Mega G\u00fcvenlik Sistemleri\" \/>\n<meta property=\"article:modified_time\" content=\"2025-11-25T15:21:57+00:00\" \/>\n<meta property=\"og:image\" content=\"https:\/\/www.megaguvenlik.com\/wp-content\/uploads\/2025\/10\/IPC-HDW2441TM-S-1.jpeg\" \/>\n\t<meta property=\"og:image:width\" content=\"225\" \/>\n\t<meta property=\"og:image:height\" content=\"225\" \/>\n\t<meta property=\"og:image:type\" content=\"image\/jpeg\" \/>\n<meta name=\"twitter:card\" content=\"summary_large_image\" \/>\n<meta name=\"twitter:label1\" content=\"Tahmini okuma s\u00fcresi\" \/>\n\t<meta name=\"twitter:data1\" content=\"1 dakika\" \/>\n<script type=\"application\/ld+json\" class=\"yoast-schema-graph\">{\"@context\":\"https:\/\/schema.org\",\"@graph\":[{\"@type\":\"WebPage\",\"@id\":\"https:\/\/www.megaguvenlik.com\/?product=4-mp-h-265-ir-dome-starlight-kamera30m-ir\",\"url\":\"https:\/\/www.megaguvenlik.com\/?product=4-mp-h-265-ir-dome-starlight-kamera30m-ir\",\"name\":\"DAHUA IPC-HDW1431T-AS-S2 - Mega G\u00fcvenlik Sistemleri\",\"isPartOf\":{\"@id\":\"https:\/\/www.megaguvenlik.com\/#website\"},\"primaryImageOfPage\":{\"@id\":\"https:\/\/www.megaguvenlik.com\/?product=4-mp-h-265-ir-dome-starlight-kamera30m-ir#primaryimage\"},\"image\":{\"@id\":\"https:\/\/www.megaguvenlik.com\/?product=4-mp-h-265-ir-dome-starlight-kamera30m-ir#primaryimage\"},\"thumbnailUrl\":\"https:\/\/www.megaguvenlik.com\/wp-content\/uploads\/2025\/10\/IPC-HDW2441TM-S-1.jpeg\",\"datePublished\":\"2025-10-08T07:38:38+00:00\",\"dateModified\":\"2025-11-25T15:21:57+00:00\",\"description\":\"Dahua IPC-HDW1431T-AS-S2 4MP Eyeball IP KameraDahua IPC-HDW1431T-AS-S2, 4MP y\u00fcksek \u00e7\u00f6z\u00fcn\u00fcrl\u00fckl\u00fc g\u00f6r\u00fcnt\u00fc kalitesiyle profesyonel g\u00fcvenlik uygulamalar\u0131 i\u00e7in tasarlanm\u0131\u015f bir IP kamerad\u0131r. 1\/3\u201d CMOS sens\u00f6r ve 2.8 mm sabit lensiyle geni\u015f alanlarda net g\u00f6r\u00fcnt\u00fc sa\u011flar. Gece g\u00f6r\u00fc\u015f (IR 30m) \u00f6zelli\u011fi sayesinde d\u00fc\u015f\u00fck \u0131\u015f\u0131k ko\u015fullar\u0131nda dahi kesintisiz kay\u0131t sunar. Dahili mikrofon, IP67 koruma standard\u0131 ve PoE deste\u011fi ile hem i\u00e7 hem d\u0131\u015f mek\u00e2nlarda g\u00fcvenilir performans sa\u011flar. WDR, BLC, 3DNR gibi geli\u015fmi\u015f g\u00f6r\u00fcnt\u00fc i\u015fleme teknolojileriyle her ortamda net ve dengeli g\u00f6r\u00fcnt\u00fcler elde edilir.\",\"breadcrumb\":{\"@id\":\"https:\/\/www.megaguvenlik.com\/?product=4-mp-h-265-ir-dome-starlight-kamera30m-ir#breadcrumb\"},\"inLanguage\":\"tr\",\"potentialAction\":[{\"@type\":\"ReadAction\",\"target\":[\"https:\/\/www.megaguvenlik.com\/?product=4-mp-h-265-ir-dome-starlight-kamera30m-ir\"]}]},{\"@type\":\"ImageObject\",\"inLanguage\":\"tr\",\"@id\":\"https:\/\/www.megaguvenlik.com\/?product=4-mp-h-265-ir-dome-starlight-kamera30m-ir#primaryimage\",\"url\":\"https:\/\/www.megaguvenlik.com\/wp-content\/uploads\/2025\/10\/IPC-HDW2441TM-S-1.jpeg\",\"contentUrl\":\"https:\/\/www.megaguvenlik.com\/wp-content\/uploads\/2025\/10\/IPC-HDW2441TM-S-1.jpeg\",\"width\":225,\"height\":225},{\"@type\":\"BreadcrumbList\",\"@id\":\"https:\/\/www.megaguvenlik.com\/?product=4-mp-h-265-ir-dome-starlight-kamera30m-ir#breadcrumb\",\"itemListElement\":[{\"@type\":\"ListItem\",\"position\":1,\"name\":\"Anasayfa\",\"item\":\"https:\/\/www.megaguvenlik.com\/\"},{\"@type\":\"ListItem\",\"position\":2,\"name\":\"Ma\u011faza\",\"item\":\"https:\/\/www.megaguvenlik.com\/?page_id=323\"},{\"@type\":\"ListItem\",\"position\":3,\"name\":\"DAHUA IPC-HDW1431T-AS-S2\"}]},{\"@type\":\"WebSite\",\"@id\":\"https:\/\/www.megaguvenlik.com\/#website\",\"url\":\"https:\/\/www.megaguvenlik.com\/\",\"name\":\"Mega G\u00fcvenlik Sistemleri\",\"description\":\"Kamera | Yang\u0131n Alarm | Network | Acil Anons\",\"potentialAction\":[{\"@type\":\"SearchAction\",\"target\":{\"@type\":\"EntryPoint\",\"urlTemplate\":\"https:\/\/www.megaguvenlik.com\/?s={search_term_string}\"},\"query-input\":{\"@type\":\"PropertyValueSpecification\",\"valueRequired\":true,\"valueName\":\"search_term_string\"}}],\"inLanguage\":\"tr\"}]}<\/script>\n<!-- \/ Yoast SEO plugin. -->","yoast_head_json":{"title":"DAHUA IPC-HDW1431T-AS-S2 - Mega G\u00fcvenlik Sistemleri","description":"Dahua IPC-HDW1431T-AS-S2 4MP Eyeball IP KameraDahua IPC-HDW1431T-AS-S2, 4MP y\u00fcksek \u00e7\u00f6z\u00fcn\u00fcrl\u00fckl\u00fc g\u00f6r\u00fcnt\u00fc kalitesiyle profesyonel g\u00fcvenlik uygulamalar\u0131 i\u00e7in tasarlanm\u0131\u015f bir IP kamerad\u0131r. 1\/3\u201d CMOS sens\u00f6r ve 2.8 mm sabit lensiyle geni\u015f alanlarda net g\u00f6r\u00fcnt\u00fc sa\u011flar. Gece g\u00f6r\u00fc\u015f (IR 30m) \u00f6zelli\u011fi sayesinde d\u00fc\u015f\u00fck \u0131\u015f\u0131k ko\u015fullar\u0131nda dahi kesintisiz kay\u0131t sunar. Dahili mikrofon, IP67 koruma standard\u0131 ve PoE deste\u011fi ile hem i\u00e7 hem d\u0131\u015f mek\u00e2nlarda g\u00fcvenilir performans sa\u011flar. WDR, BLC, 3DNR gibi geli\u015fmi\u015f g\u00f6r\u00fcnt\u00fc i\u015fleme teknolojileriyle her ortamda net ve dengeli g\u00f6r\u00fcnt\u00fcler elde edilir.","robots":{"index":"index","follow":"follow","max-snippet":"max-snippet:-1","max-image-preview":"max-image-preview:large","max-video-preview":"max-video-preview:-1"},"canonical":"https:\/\/www.megaguvenlik.com\/?product=4-mp-h-265-ir-dome-starlight-kamera30m-ir","og_locale":"tr_TR","og_type":"article","og_title":"DAHUA IPC-HDW1431T-AS-S2 - Mega G\u00fcvenlik Sistemleri","og_description":"Dahua IPC-HDW1431T-AS-S2 4MP Eyeball IP KameraDahua IPC-HDW1431T-AS-S2, 4MP y\u00fcksek \u00e7\u00f6z\u00fcn\u00fcrl\u00fckl\u00fc g\u00f6r\u00fcnt\u00fc kalitesiyle profesyonel g\u00fcvenlik uygulamalar\u0131 i\u00e7in tasarlanm\u0131\u015f bir IP kamerad\u0131r. 1\/3\u201d CMOS sens\u00f6r ve 2.8 mm sabit lensiyle geni\u015f alanlarda net g\u00f6r\u00fcnt\u00fc sa\u011flar. Gece g\u00f6r\u00fc\u015f (IR 30m) \u00f6zelli\u011fi sayesinde d\u00fc\u015f\u00fck \u0131\u015f\u0131k ko\u015fullar\u0131nda dahi kesintisiz kay\u0131t sunar. Dahili mikrofon, IP67 koruma standard\u0131 ve PoE deste\u011fi ile hem i\u00e7 hem d\u0131\u015f mek\u00e2nlarda g\u00fcvenilir performans sa\u011flar. WDR, BLC, 3DNR gibi geli\u015fmi\u015f g\u00f6r\u00fcnt\u00fc i\u015fleme teknolojileriyle her ortamda net ve dengeli g\u00f6r\u00fcnt\u00fcler elde edilir.","og_url":"https:\/\/www.megaguvenlik.com\/?product=4-mp-h-265-ir-dome-starlight-kamera30m-ir","og_site_name":"Mega G\u00fcvenlik Sistemleri","article_modified_time":"2025-11-25T15:21:57+00:00","og_image":[{"width":225,"height":225,"url":"https:\/\/www.megaguvenlik.com\/wp-content\/uploads\/2025\/10\/IPC-HDW2441TM-S-1.jpeg","type":"image\/jpeg"}],"twitter_card":"summary_large_image","twitter_misc":{"Tahmini okuma s\u00fcresi":"1 dakika"},"schema":{"@context":"https:\/\/schema.org","@graph":[{"@type":"WebPage","@id":"https:\/\/www.megaguvenlik.com\/?product=4-mp-h-265-ir-dome-starlight-kamera30m-ir","url":"https:\/\/www.megaguvenlik.com\/?product=4-mp-h-265-ir-dome-starlight-kamera30m-ir","name":"DAHUA IPC-HDW1431T-AS-S2 - Mega G\u00fcvenlik Sistemleri","isPartOf":{"@id":"https:\/\/www.megaguvenlik.com\/#website"},"primaryImageOfPage":{"@id":"https:\/\/www.megaguvenlik.com\/?product=4-mp-h-265-ir-dome-starlight-kamera30m-ir#primaryimage"},"image":{"@id":"https:\/\/www.megaguvenlik.com\/?product=4-mp-h-265-ir-dome-starlight-kamera30m-ir#primaryimage"},"thumbnailUrl":"https:\/\/www.megaguvenlik.com\/wp-content\/uploads\/2025\/10\/IPC-HDW2441TM-S-1.jpeg","datePublished":"2025-10-08T07:38:38+00:00","dateModified":"2025-11-25T15:21:57+00:00","description":"Dahua IPC-HDW1431T-AS-S2 4MP Eyeball IP KameraDahua IPC-HDW1431T-AS-S2, 4MP y\u00fcksek \u00e7\u00f6z\u00fcn\u00fcrl\u00fckl\u00fc g\u00f6r\u00fcnt\u00fc kalitesiyle profesyonel g\u00fcvenlik uygulamalar\u0131 i\u00e7in tasarlanm\u0131\u015f bir IP kamerad\u0131r. 1\/3\u201d CMOS sens\u00f6r ve 2.8 mm sabit lensiyle geni\u015f alanlarda net g\u00f6r\u00fcnt\u00fc sa\u011flar. Gece g\u00f6r\u00fc\u015f (IR 30m) \u00f6zelli\u011fi sayesinde d\u00fc\u015f\u00fck \u0131\u015f\u0131k ko\u015fullar\u0131nda dahi kesintisiz kay\u0131t sunar. Dahili mikrofon, IP67 koruma standard\u0131 ve PoE deste\u011fi ile hem i\u00e7 hem d\u0131\u015f mek\u00e2nlarda g\u00fcvenilir performans sa\u011flar. WDR, BLC, 3DNR gibi geli\u015fmi\u015f g\u00f6r\u00fcnt\u00fc i\u015fleme teknolojileriyle her ortamda net ve dengeli g\u00f6r\u00fcnt\u00fcler elde edilir.","breadcrumb":{"@id":"https:\/\/www.megaguvenlik.com\/?product=4-mp-h-265-ir-dome-starlight-kamera30m-ir#breadcrumb"},"inLanguage":"tr","potentialAction":[{"@type":"ReadAction","target":["https:\/\/www.megaguvenlik.com\/?product=4-mp-h-265-ir-dome-starlight-kamera30m-ir"]}]},{"@type":"ImageObject","inLanguage":"tr","@id":"https:\/\/www.megaguvenlik.com\/?product=4-mp-h-265-ir-dome-starlight-kamera30m-ir#primaryimage","url":"https:\/\/www.megaguvenlik.com\/wp-content\/uploads\/2025\/10\/IPC-HDW2441TM-S-1.jpeg","contentUrl":"https:\/\/www.megaguvenlik.com\/wp-content\/uploads\/2025\/10\/IPC-HDW2441TM-S-1.jpeg","width":225,"height":225},{"@type":"BreadcrumbList","@id":"https:\/\/www.megaguvenlik.com\/?product=4-mp-h-265-ir-dome-starlight-kamera30m-ir#breadcrumb","itemListElement":[{"@type":"ListItem","position":1,"name":"Anasayfa","item":"https:\/\/www.megaguvenlik.com\/"},{"@type":"ListItem","position":2,"name":"Ma\u011faza","item":"https:\/\/www.megaguvenlik.com\/?page_id=323"},{"@type":"ListItem","position":3,"name":"DAHUA IPC-HDW1431T-AS-S2"}]},{"@type":"WebSite","@id":"https:\/\/www.megaguvenlik.com\/#website","url":"https:\/\/www.megaguvenlik.com\/","name":"Mega G\u00fcvenlik Sistemleri","description":"Kamera | Yang\u0131n Alarm | Network | Acil Anons","potentialAction":[{"@type":"SearchAction","target":{"@type":"EntryPoint","urlTemplate":"https:\/\/www.megaguvenlik.com\/?s={search_term_string}"},"query-input":{"@type":"PropertyValueSpecification","valueRequired":true,"valueName":"search_term_string"}}],"inLanguage":"tr"}]}},"_links":{"self":[{"href":"https:\/\/www.megaguvenlik.com\/index.php?rest_route=\/wp\/v2\/product\/4284","targetHints":{"allow":["GET"]}}],"collection":[{"href":"https:\/\/www.megaguvenlik.com\/index.php?rest_route=\/wp\/v2\/product"}],"about":[{"href":"https:\/\/www.megaguvenlik.com\/index.php?rest_route=\/wp\/v2\/types\/product"}],"replies":[{"embeddable":true,"href":"https:\/\/www.megaguvenlik.com\/index.php?rest_route=%2Fwp%2Fv2%2Fcomments&post=4284"}],"wp:featuredmedia":[{"embeddable":true,"href":"https:\/\/www.megaguvenlik.com\/index.php?rest_route=\/wp\/v2\/media\/4417"}],"wp:attachment":[{"href":"https:\/\/www.megaguvenlik.com\/index.php?rest_route=%2Fwp%2Fv2%2Fmedia&parent=4284"}],"wp:term":[{"taxonomy":"product_brand","embeddable":true,"href":"https:\/\/www.megaguvenlik.com\/index.php?rest_route=%2Fwp%2Fv2%2Fproduct_brand&post=4284"},{"taxonomy":"product_cat","embeddable":true,"href":"https:\/\/www.megaguvenlik.com\/index.php?rest_route=%2Fwp%2Fv2%2Fproduct_cat&post=4284"},{"taxonomy":"product_tag","embeddable":true,"href":"https:\/\/www.megaguvenlik.com\/index.php?rest_route=%2Fwp%2Fv2%2Fproduct_tag&post=4284"}],"curies":[{"name":"wp","href":"https:\/\/api.w.org\/{rel}","templated":true}]}}