{"id":4390,"date":"2025-10-09T10:11:18","date_gmt":"2025-10-09T07:11:18","guid":{"rendered":"https:\/\/www.megaguvenlik.com\/?post_type=product&#038;p=4390"},"modified":"2025-10-09T10:11:19","modified_gmt":"2025-10-09T07:11:19","slug":"dahua-ipc-hfw3441t-as-p-0210b","status":"publish","type":"product","link":"https:\/\/www.megaguvenlik.com\/?product=dahua-ipc-hfw3441t-as-p-0210b","title":{"rendered":"DAHUA IPC-HFW3441T-AS-P-0210B"},"content":{"rendered":"<p>4MP H.265+ IR 180\u00b0 S\u00fcper Geni\u015f A\u00e7\u0131 Bullet Kamera(20m IR)<br \/>\n1 \/ 2.7 &#8221; CMOS, 2.1mm Sabit Lens, 0.01 L\u00fcx Renkli<br \/>\nBLC\/HLC\/WDR(120dB), 3DNR, AWB, AGC, ICR, SD Kart Deste\u011fi(256GB)<br \/>\nTripwire(Sanal S\u0131n\u0131r),Intrusion(Alan \u0130hlali) Analiz IP67, PoE, 5 MP (2886 \u00d7 1620)@20 fps veya 2688 \u00d7 1520@25\/30 fps, \u0130nsan Alg\u0131lama, Ara\u00e7 alg\u0131lama, Dahili Mikrofon, Metal Kasa<\/p>\n","protected":false},"excerpt":{"rendered":"<p>4MP H.265+ IR 180\u00b0 S\u00fcper Geni\u015f A\u00e7\u0131 Bullet Kamera(20m IR)<br \/>\n1 \/ 2.7 &#8221; CMOS, 2.1mm Sabit Lens, 0.01 L\u00fcx Renkli<br \/>\nBLC\/HLC\/WDR(120dB), 3DNR, AWB, AGC, ICR, SD Kart Deste\u011fi(256GB)<br \/>\nTripwire(Sanal S\u0131n\u0131r),Intrusion(Alan \u0130hlali) Analiz IP67, PoE, 5 MP (2886 \u00d7 1620)@20 fps veya 2688 \u00d7 1520@25\/30 fps, \u0130nsan Alg\u0131lama, Ara\u00e7 alg\u0131lama, Dahili Mikrofon, Metal Kasa<\/p>\n","protected":false},"featured_media":4391,"comment_status":"open","ping_status":"closed","template":"","meta":[],"product_brand":[],"product_cat":[338,236,199],"product_tag":[351,340,339,341],"class_list":{"0":"post-4390","1":"product","2":"type-product","3":"status-publish","4":"has-post-thumbnail","6":"product_cat-dahua","7":"product_cat-ip-kamera","8":"product_cat-kamera-sistemleri","9":"product_tag-351","10":"product_tag-alhua","11":"product_tag-dahua","12":"product_tag-ip-camera","14":"first","15":"instock","16":"taxable","17":"shipping-taxable","18":"product-type-simple"},"yoast_head":"<!-- This site is optimized with the Yoast SEO plugin v26.0 - https:\/\/yoast.com\/wordpress\/plugins\/seo\/ -->\n<title>DAHUA IPC-HFW3441T-AS-P-0210B - Mega G\u00fcvenlik Sistemleri<\/title>\n<meta name=\"description\" content=\"IPC-HFW3441T-AS-P-0210B, 4MP \u00e7\u00f6z\u00fcn\u00fcrl\u00fck, ak\u0131ll\u0131 IR gece g\u00f6r\u00fc\u015f ve motorize lens \u00f6zellikleriyle profesyonel g\u00fcvenlik \u00e7\u00f6z\u00fcmleri sunar. WDR ve 3D DNR teknolojileri sayesinde ayd\u0131nl\u0131k ve karanl\u0131k alanlarda detayl\u0131 ve net g\u00f6r\u00fcnt\u00fcler elde edilir. Dahili mikrofon ve H.265+ video s\u0131k\u0131\u015ft\u0131rma deste\u011fi, y\u00fcksek performans\u0131 d\u00fc\u015f\u00fck depolama kullan\u0131m\u0131yla birle\u015ftirir. IP67 koruma s\u0131n\u0131f\u0131, kameray\u0131 d\u0131\u015f mekan ko\u015fullar\u0131na kar\u015f\u0131 dayan\u0131kl\u0131 hale getirir. PoE deste\u011fi ile kolay kurulum imk\u00e2n\u0131 sa\u011flayan IPC-HFW3441T-AS-P-0210B, otoparklar, bina \u00e7evreleri ve end\u00fcstriyel alanlar i\u00e7in ideal profesyonel bir g\u00fcvenlik \u00e7\u00f6z\u00fcm\u00fcd\u00fcr.\" \/>\n<meta name=\"robots\" content=\"index, follow, max-snippet:-1, max-image-preview:large, max-video-preview:-1\" \/>\n<link rel=\"canonical\" href=\"https:\/\/www.megaguvenlik.com\/?product=dahua-ipc-hfw3441t-as-p-0210b\" \/>\n<meta property=\"og:locale\" content=\"tr_TR\" \/>\n<meta property=\"og:type\" content=\"article\" \/>\n<meta property=\"og:title\" content=\"DAHUA IPC-HFW3441T-AS-P-0210B - Mega G\u00fcvenlik Sistemleri\" \/>\n<meta property=\"og:description\" content=\"IPC-HFW3441T-AS-P-0210B, 4MP \u00e7\u00f6z\u00fcn\u00fcrl\u00fck, ak\u0131ll\u0131 IR gece g\u00f6r\u00fc\u015f ve motorize lens \u00f6zellikleriyle profesyonel g\u00fcvenlik \u00e7\u00f6z\u00fcmleri sunar. WDR ve 3D DNR teknolojileri sayesinde ayd\u0131nl\u0131k ve karanl\u0131k alanlarda detayl\u0131 ve net g\u00f6r\u00fcnt\u00fcler elde edilir. Dahili mikrofon ve H.265+ video s\u0131k\u0131\u015ft\u0131rma deste\u011fi, y\u00fcksek performans\u0131 d\u00fc\u015f\u00fck depolama kullan\u0131m\u0131yla birle\u015ftirir. IP67 koruma s\u0131n\u0131f\u0131, kameray\u0131 d\u0131\u015f mekan ko\u015fullar\u0131na kar\u015f\u0131 dayan\u0131kl\u0131 hale getirir. PoE deste\u011fi ile kolay kurulum imk\u00e2n\u0131 sa\u011flayan IPC-HFW3441T-AS-P-0210B, otoparklar, bina \u00e7evreleri ve end\u00fcstriyel alanlar i\u00e7in ideal profesyonel bir g\u00fcvenlik \u00e7\u00f6z\u00fcm\u00fcd\u00fcr.\" \/>\n<meta property=\"og:url\" content=\"https:\/\/www.megaguvenlik.com\/?product=dahua-ipc-hfw3441t-as-p-0210b\" \/>\n<meta property=\"og:site_name\" content=\"Mega G\u00fcvenlik Sistemleri\" \/>\n<meta property=\"article:modified_time\" content=\"2025-10-09T07:11:19+00:00\" \/>\n<meta property=\"og:image\" content=\"https:\/\/www.megaguvenlik.com\/wp-content\/uploads\/2025\/10\/DAHUA-IPC-HFW3441T-AS-P-0210B.jpeg\" \/>\n\t<meta property=\"og:image:width\" content=\"225\" \/>\n\t<meta property=\"og:image:height\" content=\"225\" \/>\n\t<meta property=\"og:image:type\" content=\"image\/jpeg\" \/>\n<meta name=\"twitter:card\" content=\"summary_large_image\" \/>\n<meta name=\"twitter:label1\" content=\"Tahmini okuma s\u00fcresi\" \/>\n\t<meta name=\"twitter:data1\" content=\"1 dakika\" \/>\n<script type=\"application\/ld+json\" class=\"yoast-schema-graph\">{\"@context\":\"https:\/\/schema.org\",\"@graph\":[{\"@type\":\"WebPage\",\"@id\":\"https:\/\/www.megaguvenlik.com\/?product=dahua-ipc-hfw3441t-as-p-0210b\",\"url\":\"https:\/\/www.megaguvenlik.com\/?product=dahua-ipc-hfw3441t-as-p-0210b\",\"name\":\"DAHUA IPC-HFW3441T-AS-P-0210B - Mega G\u00fcvenlik Sistemleri\",\"isPartOf\":{\"@id\":\"https:\/\/www.megaguvenlik.com\/#website\"},\"primaryImageOfPage\":{\"@id\":\"https:\/\/www.megaguvenlik.com\/?product=dahua-ipc-hfw3441t-as-p-0210b#primaryimage\"},\"image\":{\"@id\":\"https:\/\/www.megaguvenlik.com\/?product=dahua-ipc-hfw3441t-as-p-0210b#primaryimage\"},\"thumbnailUrl\":\"https:\/\/www.megaguvenlik.com\/wp-content\/uploads\/2025\/10\/DAHUA-IPC-HFW3441T-AS-P-0210B.jpeg\",\"datePublished\":\"2025-10-09T07:11:18+00:00\",\"dateModified\":\"2025-10-09T07:11:19+00:00\",\"description\":\"IPC-HFW3441T-AS-P-0210B, 4MP \u00e7\u00f6z\u00fcn\u00fcrl\u00fck, ak\u0131ll\u0131 IR gece g\u00f6r\u00fc\u015f ve motorize lens \u00f6zellikleriyle profesyonel g\u00fcvenlik \u00e7\u00f6z\u00fcmleri sunar. WDR ve 3D DNR teknolojileri sayesinde ayd\u0131nl\u0131k ve karanl\u0131k alanlarda detayl\u0131 ve net g\u00f6r\u00fcnt\u00fcler elde edilir. Dahili mikrofon ve H.265+ video s\u0131k\u0131\u015ft\u0131rma deste\u011fi, y\u00fcksek performans\u0131 d\u00fc\u015f\u00fck depolama kullan\u0131m\u0131yla birle\u015ftirir. IP67 koruma s\u0131n\u0131f\u0131, kameray\u0131 d\u0131\u015f mekan ko\u015fullar\u0131na kar\u015f\u0131 dayan\u0131kl\u0131 hale getirir. PoE deste\u011fi ile kolay kurulum imk\u00e2n\u0131 sa\u011flayan IPC-HFW3441T-AS-P-0210B, otoparklar, bina \u00e7evreleri ve end\u00fcstriyel alanlar i\u00e7in ideal profesyonel bir g\u00fcvenlik \u00e7\u00f6z\u00fcm\u00fcd\u00fcr.\",\"breadcrumb\":{\"@id\":\"https:\/\/www.megaguvenlik.com\/?product=dahua-ipc-hfw3441t-as-p-0210b#breadcrumb\"},\"inLanguage\":\"tr\",\"potentialAction\":[{\"@type\":\"ReadAction\",\"target\":[\"https:\/\/www.megaguvenlik.com\/?product=dahua-ipc-hfw3441t-as-p-0210b\"]}]},{\"@type\":\"ImageObject\",\"inLanguage\":\"tr\",\"@id\":\"https:\/\/www.megaguvenlik.com\/?product=dahua-ipc-hfw3441t-as-p-0210b#primaryimage\",\"url\":\"https:\/\/www.megaguvenlik.com\/wp-content\/uploads\/2025\/10\/DAHUA-IPC-HFW3441T-AS-P-0210B.jpeg\",\"contentUrl\":\"https:\/\/www.megaguvenlik.com\/wp-content\/uploads\/2025\/10\/DAHUA-IPC-HFW3441T-AS-P-0210B.jpeg\",\"width\":225,\"height\":225},{\"@type\":\"BreadcrumbList\",\"@id\":\"https:\/\/www.megaguvenlik.com\/?product=dahua-ipc-hfw3441t-as-p-0210b#breadcrumb\",\"itemListElement\":[{\"@type\":\"ListItem\",\"position\":1,\"name\":\"Anasayfa\",\"item\":\"https:\/\/www.megaguvenlik.com\/\"},{\"@type\":\"ListItem\",\"position\":2,\"name\":\"Ma\u011faza\",\"item\":\"https:\/\/www.megaguvenlik.com\/?page_id=323\"},{\"@type\":\"ListItem\",\"position\":3,\"name\":\"DAHUA IPC-HFW3441T-AS-P-0210B\"}]},{\"@type\":\"WebSite\",\"@id\":\"https:\/\/www.megaguvenlik.com\/#website\",\"url\":\"https:\/\/www.megaguvenlik.com\/\",\"name\":\"Mega G\u00fcvenlik Sistemleri\",\"description\":\"Kamera | Yang\u0131n Alarm | Network | Acil Anons\",\"potentialAction\":[{\"@type\":\"SearchAction\",\"target\":{\"@type\":\"EntryPoint\",\"urlTemplate\":\"https:\/\/www.megaguvenlik.com\/?s={search_term_string}\"},\"query-input\":{\"@type\":\"PropertyValueSpecification\",\"valueRequired\":true,\"valueName\":\"search_term_string\"}}],\"inLanguage\":\"tr\"}]}<\/script>\n<!-- \/ Yoast SEO plugin. -->","yoast_head_json":{"title":"DAHUA IPC-HFW3441T-AS-P-0210B - Mega G\u00fcvenlik Sistemleri","description":"IPC-HFW3441T-AS-P-0210B, 4MP \u00e7\u00f6z\u00fcn\u00fcrl\u00fck, ak\u0131ll\u0131 IR gece g\u00f6r\u00fc\u015f ve motorize lens \u00f6zellikleriyle profesyonel g\u00fcvenlik \u00e7\u00f6z\u00fcmleri sunar. WDR ve 3D DNR teknolojileri sayesinde ayd\u0131nl\u0131k ve karanl\u0131k alanlarda detayl\u0131 ve net g\u00f6r\u00fcnt\u00fcler elde edilir. Dahili mikrofon ve H.265+ video s\u0131k\u0131\u015ft\u0131rma deste\u011fi, y\u00fcksek performans\u0131 d\u00fc\u015f\u00fck depolama kullan\u0131m\u0131yla birle\u015ftirir. IP67 koruma s\u0131n\u0131f\u0131, kameray\u0131 d\u0131\u015f mekan ko\u015fullar\u0131na kar\u015f\u0131 dayan\u0131kl\u0131 hale getirir. PoE deste\u011fi ile kolay kurulum imk\u00e2n\u0131 sa\u011flayan IPC-HFW3441T-AS-P-0210B, otoparklar, bina \u00e7evreleri ve end\u00fcstriyel alanlar i\u00e7in ideal profesyonel bir g\u00fcvenlik \u00e7\u00f6z\u00fcm\u00fcd\u00fcr.","robots":{"index":"index","follow":"follow","max-snippet":"max-snippet:-1","max-image-preview":"max-image-preview:large","max-video-preview":"max-video-preview:-1"},"canonical":"https:\/\/www.megaguvenlik.com\/?product=dahua-ipc-hfw3441t-as-p-0210b","og_locale":"tr_TR","og_type":"article","og_title":"DAHUA IPC-HFW3441T-AS-P-0210B - Mega G\u00fcvenlik Sistemleri","og_description":"IPC-HFW3441T-AS-P-0210B, 4MP \u00e7\u00f6z\u00fcn\u00fcrl\u00fck, ak\u0131ll\u0131 IR gece g\u00f6r\u00fc\u015f ve motorize lens \u00f6zellikleriyle profesyonel g\u00fcvenlik \u00e7\u00f6z\u00fcmleri sunar. WDR ve 3D DNR teknolojileri sayesinde ayd\u0131nl\u0131k ve karanl\u0131k alanlarda detayl\u0131 ve net g\u00f6r\u00fcnt\u00fcler elde edilir. Dahili mikrofon ve H.265+ video s\u0131k\u0131\u015ft\u0131rma deste\u011fi, y\u00fcksek performans\u0131 d\u00fc\u015f\u00fck depolama kullan\u0131m\u0131yla birle\u015ftirir. IP67 koruma s\u0131n\u0131f\u0131, kameray\u0131 d\u0131\u015f mekan ko\u015fullar\u0131na kar\u015f\u0131 dayan\u0131kl\u0131 hale getirir. PoE deste\u011fi ile kolay kurulum imk\u00e2n\u0131 sa\u011flayan IPC-HFW3441T-AS-P-0210B, otoparklar, bina \u00e7evreleri ve end\u00fcstriyel alanlar i\u00e7in ideal profesyonel bir g\u00fcvenlik \u00e7\u00f6z\u00fcm\u00fcd\u00fcr.","og_url":"https:\/\/www.megaguvenlik.com\/?product=dahua-ipc-hfw3441t-as-p-0210b","og_site_name":"Mega G\u00fcvenlik Sistemleri","article_modified_time":"2025-10-09T07:11:19+00:00","og_image":[{"width":225,"height":225,"url":"https:\/\/www.megaguvenlik.com\/wp-content\/uploads\/2025\/10\/DAHUA-IPC-HFW3441T-AS-P-0210B.jpeg","type":"image\/jpeg"}],"twitter_card":"summary_large_image","twitter_misc":{"Tahmini okuma s\u00fcresi":"1 dakika"},"schema":{"@context":"https:\/\/schema.org","@graph":[{"@type":"WebPage","@id":"https:\/\/www.megaguvenlik.com\/?product=dahua-ipc-hfw3441t-as-p-0210b","url":"https:\/\/www.megaguvenlik.com\/?product=dahua-ipc-hfw3441t-as-p-0210b","name":"DAHUA IPC-HFW3441T-AS-P-0210B - Mega G\u00fcvenlik Sistemleri","isPartOf":{"@id":"https:\/\/www.megaguvenlik.com\/#website"},"primaryImageOfPage":{"@id":"https:\/\/www.megaguvenlik.com\/?product=dahua-ipc-hfw3441t-as-p-0210b#primaryimage"},"image":{"@id":"https:\/\/www.megaguvenlik.com\/?product=dahua-ipc-hfw3441t-as-p-0210b#primaryimage"},"thumbnailUrl":"https:\/\/www.megaguvenlik.com\/wp-content\/uploads\/2025\/10\/DAHUA-IPC-HFW3441T-AS-P-0210B.jpeg","datePublished":"2025-10-09T07:11:18+00:00","dateModified":"2025-10-09T07:11:19+00:00","description":"IPC-HFW3441T-AS-P-0210B, 4MP \u00e7\u00f6z\u00fcn\u00fcrl\u00fck, ak\u0131ll\u0131 IR gece g\u00f6r\u00fc\u015f ve motorize lens \u00f6zellikleriyle profesyonel g\u00fcvenlik \u00e7\u00f6z\u00fcmleri sunar. WDR ve 3D DNR teknolojileri sayesinde ayd\u0131nl\u0131k ve karanl\u0131k alanlarda detayl\u0131 ve net g\u00f6r\u00fcnt\u00fcler elde edilir. Dahili mikrofon ve H.265+ video s\u0131k\u0131\u015ft\u0131rma deste\u011fi, y\u00fcksek performans\u0131 d\u00fc\u015f\u00fck depolama kullan\u0131m\u0131yla birle\u015ftirir. IP67 koruma s\u0131n\u0131f\u0131, kameray\u0131 d\u0131\u015f mekan ko\u015fullar\u0131na kar\u015f\u0131 dayan\u0131kl\u0131 hale getirir. PoE deste\u011fi ile kolay kurulum imk\u00e2n\u0131 sa\u011flayan IPC-HFW3441T-AS-P-0210B, otoparklar, bina \u00e7evreleri ve end\u00fcstriyel alanlar i\u00e7in ideal profesyonel bir g\u00fcvenlik \u00e7\u00f6z\u00fcm\u00fcd\u00fcr.","breadcrumb":{"@id":"https:\/\/www.megaguvenlik.com\/?product=dahua-ipc-hfw3441t-as-p-0210b#breadcrumb"},"inLanguage":"tr","potentialAction":[{"@type":"ReadAction","target":["https:\/\/www.megaguvenlik.com\/?product=dahua-ipc-hfw3441t-as-p-0210b"]}]},{"@type":"ImageObject","inLanguage":"tr","@id":"https:\/\/www.megaguvenlik.com\/?product=dahua-ipc-hfw3441t-as-p-0210b#primaryimage","url":"https:\/\/www.megaguvenlik.com\/wp-content\/uploads\/2025\/10\/DAHUA-IPC-HFW3441T-AS-P-0210B.jpeg","contentUrl":"https:\/\/www.megaguvenlik.com\/wp-content\/uploads\/2025\/10\/DAHUA-IPC-HFW3441T-AS-P-0210B.jpeg","width":225,"height":225},{"@type":"BreadcrumbList","@id":"https:\/\/www.megaguvenlik.com\/?product=dahua-ipc-hfw3441t-as-p-0210b#breadcrumb","itemListElement":[{"@type":"ListItem","position":1,"name":"Anasayfa","item":"https:\/\/www.megaguvenlik.com\/"},{"@type":"ListItem","position":2,"name":"Ma\u011faza","item":"https:\/\/www.megaguvenlik.com\/?page_id=323"},{"@type":"ListItem","position":3,"name":"DAHUA IPC-HFW3441T-AS-P-0210B"}]},{"@type":"WebSite","@id":"https:\/\/www.megaguvenlik.com\/#website","url":"https:\/\/www.megaguvenlik.com\/","name":"Mega G\u00fcvenlik Sistemleri","description":"Kamera | Yang\u0131n Alarm | Network | Acil Anons","potentialAction":[{"@type":"SearchAction","target":{"@type":"EntryPoint","urlTemplate":"https:\/\/www.megaguvenlik.com\/?s={search_term_string}"},"query-input":{"@type":"PropertyValueSpecification","valueRequired":true,"valueName":"search_term_string"}}],"inLanguage":"tr"}]}},"_links":{"self":[{"href":"https:\/\/www.megaguvenlik.com\/index.php?rest_route=\/wp\/v2\/product\/4390","targetHints":{"allow":["GET"]}}],"collection":[{"href":"https:\/\/www.megaguvenlik.com\/index.php?rest_route=\/wp\/v2\/product"}],"about":[{"href":"https:\/\/www.megaguvenlik.com\/index.php?rest_route=\/wp\/v2\/types\/product"}],"replies":[{"embeddable":true,"href":"https:\/\/www.megaguvenlik.com\/index.php?rest_route=%2Fwp%2Fv2%2Fcomments&post=4390"}],"wp:featuredmedia":[{"embeddable":true,"href":"https:\/\/www.megaguvenlik.com\/index.php?rest_route=\/wp\/v2\/media\/4391"}],"wp:attachment":[{"href":"https:\/\/www.megaguvenlik.com\/index.php?rest_route=%2Fwp%2Fv2%2Fmedia&parent=4390"}],"wp:term":[{"taxonomy":"product_brand","embeddable":true,"href":"https:\/\/www.megaguvenlik.com\/index.php?rest_route=%2Fwp%2Fv2%2Fproduct_brand&post=4390"},{"taxonomy":"product_cat","embeddable":true,"href":"https:\/\/www.megaguvenlik.com\/index.php?rest_route=%2Fwp%2Fv2%2Fproduct_cat&post=4390"},{"taxonomy":"product_tag","embeddable":true,"href":"https:\/\/www.megaguvenlik.com\/index.php?rest_route=%2Fwp%2Fv2%2Fproduct_tag&post=4390"}],"curies":[{"name":"wp","href":"https:\/\/api.w.org\/{rel}","templated":true}]}}