{"id":4638,"date":"2025-10-14T13:41:23","date_gmt":"2025-10-14T10:41:23","guid":{"rendered":"https:\/\/www.megaguvenlik.com\/?post_type=product&#038;p=4638"},"modified":"2025-10-14T13:41:23","modified_gmt":"2025-10-14T10:41:23","slug":"dahua-ipc-hdbw5241f-m-dae-sa-0280b","status":"publish","type":"product","link":"https:\/\/www.megaguvenlik.com\/?product=dahua-ipc-hdbw5241f-m-dae-sa-0280b","title":{"rendered":"DAHUA IPC-HDBW5241F-M-DAE-SA\u00ad 0280B"},"content":{"rendered":"<p>2 MP H.265+ Mobil IR Dome SESL\u0130 Kamera(20m IR) 1 \/ 2.8 &#8221; CMOS, 2.8mm Sabit Lens, 0.001 L\u00fcx Renkli BLC\/HLC\/WDR(120dB), 3DNR, AWB, AGC, ICR<br \/>\nTripwire(Sanal S\u0131n\u0131r), Intrusion(Alan \u0130hlali) IP67, IK10, PoE, 25fps@1080p, Dahili Mikrofon, Metal Kasa<\/p>\n","protected":false},"excerpt":{"rendered":"<p>2 MP H.265+ Mobil IR Dome SESL\u0130 Kamera(20m IR) 1 \/ 2.8 &#8221; CMOS, 2.8mm Sabit Lens, 0.001 L\u00fcx Renkli BLC\/HLC\/WDR(120dB), 3DNR, AWB, AGC, ICR<br \/>\nTripwire(Sanal S\u0131n\u0131r), Intrusion(Alan \u0130hlali) IP67, IK10, PoE, 25fps@1080p, Dahili Mikrofon, Metal Kasa<\/p>\n","protected":false},"featured_media":4639,"comment_status":"open","ping_status":"closed","template":"","meta":[],"product_brand":[],"product_cat":[338,199,356],"product_tag":[340,339,357],"class_list":{"0":"post-4638","1":"product","2":"type-product","3":"status-publish","4":"has-post-thumbnail","6":"product_cat-dahua","7":"product_cat-kamera-sistemleri","8":"product_cat-mobile","9":"product_tag-alhua","10":"product_tag-dahua","11":"product_tag-mobile","13":"first","14":"instock","15":"taxable","16":"shipping-taxable","17":"product-type-simple"},"yoast_head":"<!-- This site is optimized with the Yoast SEO plugin v26.0 - https:\/\/yoast.com\/wordpress\/plugins\/seo\/ -->\n<title>DAHUA IPC-HDBW5241F-M-DAE-SA\u00ad 0280B - Mega G\u00fcvenlik Sistemleri<\/title>\n<meta name=\"description\" content=\"Dahua IPC-HDBW5241F-M-DAE-SA-0280B, Dahua&#039;n\u0131n mobil uygulamalar i\u00e7in \u00f6zel olarak tasarlanm\u0131\u015f bir IP dome kamerad\u0131r. Bu model, \u00f6zellikle ara\u00e7 i\u00e7i g\u00fcvenlik sistemlerinde, toplu ta\u015f\u0131ma ara\u00e7lar\u0131nda ve mobil denetim sistemlerinde kullan\u0131lmak \u00fczere geli\u015ftirilmi\u015ftir. EN50155 ve ECE R10 (E-Mark) sertifikalar\u0131 sayesinde zorlu \u00e7evresel ko\u015fullarda g\u00fcvenilir performans sunar.\" \/>\n<meta name=\"robots\" content=\"index, follow, max-snippet:-1, max-image-preview:large, max-video-preview:-1\" \/>\n<link rel=\"canonical\" href=\"https:\/\/www.megaguvenlik.com\/?product=dahua-ipc-hdbw5241f-m-dae-sa-0280b\" \/>\n<meta property=\"og:locale\" content=\"tr_TR\" \/>\n<meta property=\"og:type\" content=\"article\" \/>\n<meta property=\"og:title\" content=\"DAHUA IPC-HDBW5241F-M-DAE-SA\u00ad 0280B - Mega G\u00fcvenlik Sistemleri\" \/>\n<meta property=\"og:description\" content=\"Dahua IPC-HDBW5241F-M-DAE-SA-0280B, Dahua&#039;n\u0131n mobil uygulamalar i\u00e7in \u00f6zel olarak tasarlanm\u0131\u015f bir IP dome kamerad\u0131r. Bu model, \u00f6zellikle ara\u00e7 i\u00e7i g\u00fcvenlik sistemlerinde, toplu ta\u015f\u0131ma ara\u00e7lar\u0131nda ve mobil denetim sistemlerinde kullan\u0131lmak \u00fczere geli\u015ftirilmi\u015ftir. EN50155 ve ECE R10 (E-Mark) sertifikalar\u0131 sayesinde zorlu \u00e7evresel ko\u015fullarda g\u00fcvenilir performans sunar.\" \/>\n<meta property=\"og:url\" content=\"https:\/\/www.megaguvenlik.com\/?product=dahua-ipc-hdbw5241f-m-dae-sa-0280b\" \/>\n<meta property=\"og:site_name\" content=\"Mega G\u00fcvenlik Sistemleri\" \/>\n<meta property=\"og:image\" content=\"https:\/\/www.megaguvenlik.com\/wp-content\/uploads\/2025\/10\/IPC-HDBW5241F-M-DAE-SA\u00ad0280B.jpeg\" \/>\n\t<meta property=\"og:image:width\" content=\"225\" \/>\n\t<meta property=\"og:image:height\" content=\"225\" \/>\n\t<meta property=\"og:image:type\" content=\"image\/jpeg\" \/>\n<meta name=\"twitter:card\" content=\"summary_large_image\" \/>\n<meta name=\"twitter:label1\" content=\"Tahmini okuma s\u00fcresi\" \/>\n\t<meta name=\"twitter:data1\" content=\"1 dakika\" \/>\n<script type=\"application\/ld+json\" class=\"yoast-schema-graph\">{\"@context\":\"https:\/\/schema.org\",\"@graph\":[{\"@type\":\"WebPage\",\"@id\":\"https:\/\/www.megaguvenlik.com\/?product=dahua-ipc-hdbw5241f-m-dae-sa-0280b\",\"url\":\"https:\/\/www.megaguvenlik.com\/?product=dahua-ipc-hdbw5241f-m-dae-sa-0280b\",\"name\":\"DAHUA IPC-HDBW5241F-M-DAE-SA\u00ad 0280B - Mega G\u00fcvenlik Sistemleri\",\"isPartOf\":{\"@id\":\"https:\/\/www.megaguvenlik.com\/#website\"},\"primaryImageOfPage\":{\"@id\":\"https:\/\/www.megaguvenlik.com\/?product=dahua-ipc-hdbw5241f-m-dae-sa-0280b#primaryimage\"},\"image\":{\"@id\":\"https:\/\/www.megaguvenlik.com\/?product=dahua-ipc-hdbw5241f-m-dae-sa-0280b#primaryimage\"},\"thumbnailUrl\":\"https:\/\/www.megaguvenlik.com\/wp-content\/uploads\/2025\/10\/IPC-HDBW5241F-M-DAE-SA\u00ad0280B.jpeg\",\"datePublished\":\"2025-10-14T10:41:23+00:00\",\"description\":\"Dahua IPC-HDBW5241F-M-DAE-SA-0280B, Dahua'n\u0131n mobil uygulamalar i\u00e7in \u00f6zel olarak tasarlanm\u0131\u015f bir IP dome kamerad\u0131r. Bu model, \u00f6zellikle ara\u00e7 i\u00e7i g\u00fcvenlik sistemlerinde, toplu ta\u015f\u0131ma ara\u00e7lar\u0131nda ve mobil denetim sistemlerinde kullan\u0131lmak \u00fczere geli\u015ftirilmi\u015ftir. EN50155 ve ECE R10 (E-Mark) sertifikalar\u0131 sayesinde zorlu \u00e7evresel ko\u015fullarda g\u00fcvenilir performans sunar.\",\"breadcrumb\":{\"@id\":\"https:\/\/www.megaguvenlik.com\/?product=dahua-ipc-hdbw5241f-m-dae-sa-0280b#breadcrumb\"},\"inLanguage\":\"tr\",\"potentialAction\":[{\"@type\":\"ReadAction\",\"target\":[\"https:\/\/www.megaguvenlik.com\/?product=dahua-ipc-hdbw5241f-m-dae-sa-0280b\"]}]},{\"@type\":\"ImageObject\",\"inLanguage\":\"tr\",\"@id\":\"https:\/\/www.megaguvenlik.com\/?product=dahua-ipc-hdbw5241f-m-dae-sa-0280b#primaryimage\",\"url\":\"https:\/\/www.megaguvenlik.com\/wp-content\/uploads\/2025\/10\/IPC-HDBW5241F-M-DAE-SA\u00ad0280B.jpeg\",\"contentUrl\":\"https:\/\/www.megaguvenlik.com\/wp-content\/uploads\/2025\/10\/IPC-HDBW5241F-M-DAE-SA\u00ad0280B.jpeg\",\"width\":225,\"height\":225},{\"@type\":\"BreadcrumbList\",\"@id\":\"https:\/\/www.megaguvenlik.com\/?product=dahua-ipc-hdbw5241f-m-dae-sa-0280b#breadcrumb\",\"itemListElement\":[{\"@type\":\"ListItem\",\"position\":1,\"name\":\"Anasayfa\",\"item\":\"https:\/\/www.megaguvenlik.com\/\"},{\"@type\":\"ListItem\",\"position\":2,\"name\":\"Ma\u011faza\",\"item\":\"https:\/\/www.megaguvenlik.com\/?page_id=323\"},{\"@type\":\"ListItem\",\"position\":3,\"name\":\"DAHUA IPC-HDBW5241F-M-DAE-SA\u00ad 0280B\"}]},{\"@type\":\"WebSite\",\"@id\":\"https:\/\/www.megaguvenlik.com\/#website\",\"url\":\"https:\/\/www.megaguvenlik.com\/\",\"name\":\"Mega G\u00fcvenlik Sistemleri\",\"description\":\"Kamera | Yang\u0131n Alarm | Network | Acil Anons\",\"potentialAction\":[{\"@type\":\"SearchAction\",\"target\":{\"@type\":\"EntryPoint\",\"urlTemplate\":\"https:\/\/www.megaguvenlik.com\/?s={search_term_string}\"},\"query-input\":{\"@type\":\"PropertyValueSpecification\",\"valueRequired\":true,\"valueName\":\"search_term_string\"}}],\"inLanguage\":\"tr\"}]}<\/script>\n<!-- \/ Yoast SEO plugin. -->","yoast_head_json":{"title":"DAHUA IPC-HDBW5241F-M-DAE-SA\u00ad 0280B - Mega G\u00fcvenlik Sistemleri","description":"Dahua IPC-HDBW5241F-M-DAE-SA-0280B, Dahua'n\u0131n mobil uygulamalar i\u00e7in \u00f6zel olarak tasarlanm\u0131\u015f bir IP dome kamerad\u0131r. Bu model, \u00f6zellikle ara\u00e7 i\u00e7i g\u00fcvenlik sistemlerinde, toplu ta\u015f\u0131ma ara\u00e7lar\u0131nda ve mobil denetim sistemlerinde kullan\u0131lmak \u00fczere geli\u015ftirilmi\u015ftir. EN50155 ve ECE R10 (E-Mark) sertifikalar\u0131 sayesinde zorlu \u00e7evresel ko\u015fullarda g\u00fcvenilir performans sunar.","robots":{"index":"index","follow":"follow","max-snippet":"max-snippet:-1","max-image-preview":"max-image-preview:large","max-video-preview":"max-video-preview:-1"},"canonical":"https:\/\/www.megaguvenlik.com\/?product=dahua-ipc-hdbw5241f-m-dae-sa-0280b","og_locale":"tr_TR","og_type":"article","og_title":"DAHUA IPC-HDBW5241F-M-DAE-SA\u00ad 0280B - Mega G\u00fcvenlik Sistemleri","og_description":"Dahua IPC-HDBW5241F-M-DAE-SA-0280B, Dahua'n\u0131n mobil uygulamalar i\u00e7in \u00f6zel olarak tasarlanm\u0131\u015f bir IP dome kamerad\u0131r. Bu model, \u00f6zellikle ara\u00e7 i\u00e7i g\u00fcvenlik sistemlerinde, toplu ta\u015f\u0131ma ara\u00e7lar\u0131nda ve mobil denetim sistemlerinde kullan\u0131lmak \u00fczere geli\u015ftirilmi\u015ftir. EN50155 ve ECE R10 (E-Mark) sertifikalar\u0131 sayesinde zorlu \u00e7evresel ko\u015fullarda g\u00fcvenilir performans sunar.","og_url":"https:\/\/www.megaguvenlik.com\/?product=dahua-ipc-hdbw5241f-m-dae-sa-0280b","og_site_name":"Mega G\u00fcvenlik Sistemleri","og_image":[{"width":225,"height":225,"url":"https:\/\/www.megaguvenlik.com\/wp-content\/uploads\/2025\/10\/IPC-HDBW5241F-M-DAE-SA\u00ad0280B.jpeg","type":"image\/jpeg"}],"twitter_card":"summary_large_image","twitter_misc":{"Tahmini okuma s\u00fcresi":"1 dakika"},"schema":{"@context":"https:\/\/schema.org","@graph":[{"@type":"WebPage","@id":"https:\/\/www.megaguvenlik.com\/?product=dahua-ipc-hdbw5241f-m-dae-sa-0280b","url":"https:\/\/www.megaguvenlik.com\/?product=dahua-ipc-hdbw5241f-m-dae-sa-0280b","name":"DAHUA IPC-HDBW5241F-M-DAE-SA\u00ad 0280B - Mega G\u00fcvenlik Sistemleri","isPartOf":{"@id":"https:\/\/www.megaguvenlik.com\/#website"},"primaryImageOfPage":{"@id":"https:\/\/www.megaguvenlik.com\/?product=dahua-ipc-hdbw5241f-m-dae-sa-0280b#primaryimage"},"image":{"@id":"https:\/\/www.megaguvenlik.com\/?product=dahua-ipc-hdbw5241f-m-dae-sa-0280b#primaryimage"},"thumbnailUrl":"https:\/\/www.megaguvenlik.com\/wp-content\/uploads\/2025\/10\/IPC-HDBW5241F-M-DAE-SA\u00ad0280B.jpeg","datePublished":"2025-10-14T10:41:23+00:00","description":"Dahua IPC-HDBW5241F-M-DAE-SA-0280B, Dahua'n\u0131n mobil uygulamalar i\u00e7in \u00f6zel olarak tasarlanm\u0131\u015f bir IP dome kamerad\u0131r. Bu model, \u00f6zellikle ara\u00e7 i\u00e7i g\u00fcvenlik sistemlerinde, toplu ta\u015f\u0131ma ara\u00e7lar\u0131nda ve mobil denetim sistemlerinde kullan\u0131lmak \u00fczere geli\u015ftirilmi\u015ftir. EN50155 ve ECE R10 (E-Mark) sertifikalar\u0131 sayesinde zorlu \u00e7evresel ko\u015fullarda g\u00fcvenilir performans sunar.","breadcrumb":{"@id":"https:\/\/www.megaguvenlik.com\/?product=dahua-ipc-hdbw5241f-m-dae-sa-0280b#breadcrumb"},"inLanguage":"tr","potentialAction":[{"@type":"ReadAction","target":["https:\/\/www.megaguvenlik.com\/?product=dahua-ipc-hdbw5241f-m-dae-sa-0280b"]}]},{"@type":"ImageObject","inLanguage":"tr","@id":"https:\/\/www.megaguvenlik.com\/?product=dahua-ipc-hdbw5241f-m-dae-sa-0280b#primaryimage","url":"https:\/\/www.megaguvenlik.com\/wp-content\/uploads\/2025\/10\/IPC-HDBW5241F-M-DAE-SA\u00ad0280B.jpeg","contentUrl":"https:\/\/www.megaguvenlik.com\/wp-content\/uploads\/2025\/10\/IPC-HDBW5241F-M-DAE-SA\u00ad0280B.jpeg","width":225,"height":225},{"@type":"BreadcrumbList","@id":"https:\/\/www.megaguvenlik.com\/?product=dahua-ipc-hdbw5241f-m-dae-sa-0280b#breadcrumb","itemListElement":[{"@type":"ListItem","position":1,"name":"Anasayfa","item":"https:\/\/www.megaguvenlik.com\/"},{"@type":"ListItem","position":2,"name":"Ma\u011faza","item":"https:\/\/www.megaguvenlik.com\/?page_id=323"},{"@type":"ListItem","position":3,"name":"DAHUA IPC-HDBW5241F-M-DAE-SA\u00ad 0280B"}]},{"@type":"WebSite","@id":"https:\/\/www.megaguvenlik.com\/#website","url":"https:\/\/www.megaguvenlik.com\/","name":"Mega G\u00fcvenlik Sistemleri","description":"Kamera | Yang\u0131n Alarm | Network | Acil Anons","potentialAction":[{"@type":"SearchAction","target":{"@type":"EntryPoint","urlTemplate":"https:\/\/www.megaguvenlik.com\/?s={search_term_string}"},"query-input":{"@type":"PropertyValueSpecification","valueRequired":true,"valueName":"search_term_string"}}],"inLanguage":"tr"}]}},"_links":{"self":[{"href":"https:\/\/www.megaguvenlik.com\/index.php?rest_route=\/wp\/v2\/product\/4638","targetHints":{"allow":["GET"]}}],"collection":[{"href":"https:\/\/www.megaguvenlik.com\/index.php?rest_route=\/wp\/v2\/product"}],"about":[{"href":"https:\/\/www.megaguvenlik.com\/index.php?rest_route=\/wp\/v2\/types\/product"}],"replies":[{"embeddable":true,"href":"https:\/\/www.megaguvenlik.com\/index.php?rest_route=%2Fwp%2Fv2%2Fcomments&post=4638"}],"wp:featuredmedia":[{"embeddable":true,"href":"https:\/\/www.megaguvenlik.com\/index.php?rest_route=\/wp\/v2\/media\/4639"}],"wp:attachment":[{"href":"https:\/\/www.megaguvenlik.com\/index.php?rest_route=%2Fwp%2Fv2%2Fmedia&parent=4638"}],"wp:term":[{"taxonomy":"product_brand","embeddable":true,"href":"https:\/\/www.megaguvenlik.com\/index.php?rest_route=%2Fwp%2Fv2%2Fproduct_brand&post=4638"},{"taxonomy":"product_cat","embeddable":true,"href":"https:\/\/www.megaguvenlik.com\/index.php?rest_route=%2Fwp%2Fv2%2Fproduct_cat&post=4638"},{"taxonomy":"product_tag","embeddable":true,"href":"https:\/\/www.megaguvenlik.com\/index.php?rest_route=%2Fwp%2Fv2%2Fproduct_tag&post=4638"}],"curies":[{"name":"wp","href":"https:\/\/api.w.org\/{rel}","templated":true}]}}