{"id":4667,"date":"2025-10-21T15:00:23","date_gmt":"2025-10-21T12:00:23","guid":{"rendered":"https:\/\/www.megaguvenlik.com\/?post_type=product&#038;p=4667"},"modified":"2025-10-21T15:00:24","modified_gmt":"2025-10-21T12:00:24","slug":"dahua-nvr2108hs-8p-t","status":"publish","type":"product","link":"https:\/\/www.megaguvenlik.com\/?product=dahua-nvr2108hs-8p-t","title":{"rendered":"DAHUA NVR2108HS-8P-T"},"content":{"rendered":"<p>8 Kanal H.265+ NVR (1x8TB SATA)\u0130zleme\/Kay\u0131t Bant Geni\u015fli\u011fi: 80Mbps\/80Mbps, 8 Port PoE(Tak-\u00c7al\u0131\u015ft\u0131r)8 MP&#8217;ye kadar \u00e7\u00f6z\u00fcn\u00fcrl\u00fck, 1Kanal@8MP\/4Kanal@1080p Kod \u00c7\u00f6z\u00fcmleme(Decoding)\u00c7ift Y\u00f6nl\u00fc Konu\u015fma, P2P 1 HDMI, 1 VGA, 2 USB, 1 RJ45 port(10\/100\/1000Mbps)<\/p>\n","protected":false},"excerpt":{"rendered":"<p>8 Kanal H.265+ NVR (1x8TB SATA)\u0130zleme\/Kay\u0131t Bant Geni\u015fli\u011fi: 80Mbps\/80Mbps, 8 Port PoE(Tak-\u00c7al\u0131\u015ft\u0131r)8 MP&#8217;ye kadar \u00e7\u00f6z\u00fcn\u00fcrl\u00fck, 1Kanal@8MP\/4Kanal@1080p Kod \u00c7\u00f6z\u00fcmleme(Decoding)\u00c7ift Y\u00f6nl\u00fc Konu\u015fma, P2P 1 HDMI, 1 VGA, 2 USB, 1 RJ45 port(10\/100\/1000Mbps)<\/p>\n","protected":false},"featured_media":4668,"comment_status":"open","ping_status":"closed","template":"","meta":[],"product_brand":[],"product_cat":[338,199,275],"product_tag":[340,339,278],"class_list":{"0":"post-4667","1":"product","2":"type-product","3":"status-publish","4":"has-post-thumbnail","6":"product_cat-dahua","7":"product_cat-kamera-sistemleri","8":"product_cat-kayit-cihazlari","9":"product_tag-alhua","10":"product_tag-dahua","11":"product_tag-kayit-cihazi","13":"first","14":"instock","15":"taxable","16":"shipping-taxable","17":"product-type-simple"},"yoast_head":"<!-- This site is optimized with the Yoast SEO plugin v26.0 - https:\/\/yoast.com\/wordpress\/plugins\/seo\/ -->\n<title>DAHUA NVR2108HS-8P-T - Mega G\u00fcvenlik Sistemleri<\/title>\n<meta name=\"description\" content=\"NVR2108HS-8P-T, y\u00fcksek performansl\u0131 g\u00fcvenlik sistemleri i\u00e7in tasarlanm\u0131\u015f 8 kanall\u0131 PoE destekli a\u011f kay\u0131t cihaz\u0131d\u0131r. Dahili PoE portlar\u0131 sayesinde IP kameralar\u0131 ekstra adapt\u00f6r veya g\u00fc\u00e7 kablosu olmadan kolayca \u00e7al\u0131\u015ft\u0131r\u0131r. G\u00fcvenli\u011finizi sade, h\u0131zl\u0131 ve profesyonel bi\u00e7imde y\u00f6netmek i\u00e7in ideal bir \u00e7\u00f6z\u00fcmd\u00fcr.\" \/>\n<meta name=\"robots\" content=\"index, follow, max-snippet:-1, max-image-preview:large, max-video-preview:-1\" \/>\n<link rel=\"canonical\" href=\"https:\/\/www.megaguvenlik.com\/?product=dahua-nvr2108hs-8p-t\" \/>\n<meta property=\"og:locale\" content=\"tr_TR\" \/>\n<meta property=\"og:type\" content=\"article\" \/>\n<meta property=\"og:title\" content=\"DAHUA NVR2108HS-8P-T - Mega G\u00fcvenlik Sistemleri\" \/>\n<meta property=\"og:description\" content=\"NVR2108HS-8P-T, y\u00fcksek performansl\u0131 g\u00fcvenlik sistemleri i\u00e7in tasarlanm\u0131\u015f 8 kanall\u0131 PoE destekli a\u011f kay\u0131t cihaz\u0131d\u0131r. Dahili PoE portlar\u0131 sayesinde IP kameralar\u0131 ekstra adapt\u00f6r veya g\u00fc\u00e7 kablosu olmadan kolayca \u00e7al\u0131\u015ft\u0131r\u0131r. G\u00fcvenli\u011finizi sade, h\u0131zl\u0131 ve profesyonel bi\u00e7imde y\u00f6netmek i\u00e7in ideal bir \u00e7\u00f6z\u00fcmd\u00fcr.\" \/>\n<meta property=\"og:url\" content=\"https:\/\/www.megaguvenlik.com\/?product=dahua-nvr2108hs-8p-t\" \/>\n<meta property=\"og:site_name\" content=\"Mega G\u00fcvenlik Sistemleri\" \/>\n<meta property=\"article:modified_time\" content=\"2025-10-21T12:00:24+00:00\" \/>\n<meta property=\"og:image\" content=\"https:\/\/www.megaguvenlik.com\/wp-content\/uploads\/2025\/10\/NVR2108HS-8P-T.jpeg\" \/>\n\t<meta property=\"og:image:width\" content=\"225\" \/>\n\t<meta property=\"og:image:height\" content=\"225\" \/>\n\t<meta property=\"og:image:type\" content=\"image\/jpeg\" \/>\n<meta name=\"twitter:card\" content=\"summary_large_image\" \/>\n<meta name=\"twitter:label1\" content=\"Tahmini okuma s\u00fcresi\" \/>\n\t<meta name=\"twitter:data1\" content=\"1 dakika\" \/>\n<script type=\"application\/ld+json\" class=\"yoast-schema-graph\">{\"@context\":\"https:\/\/schema.org\",\"@graph\":[{\"@type\":\"WebPage\",\"@id\":\"https:\/\/www.megaguvenlik.com\/?product=dahua-nvr2108hs-8p-t\",\"url\":\"https:\/\/www.megaguvenlik.com\/?product=dahua-nvr2108hs-8p-t\",\"name\":\"DAHUA NVR2108HS-8P-T - Mega G\u00fcvenlik Sistemleri\",\"isPartOf\":{\"@id\":\"https:\/\/www.megaguvenlik.com\/#website\"},\"primaryImageOfPage\":{\"@id\":\"https:\/\/www.megaguvenlik.com\/?product=dahua-nvr2108hs-8p-t#primaryimage\"},\"image\":{\"@id\":\"https:\/\/www.megaguvenlik.com\/?product=dahua-nvr2108hs-8p-t#primaryimage\"},\"thumbnailUrl\":\"https:\/\/www.megaguvenlik.com\/wp-content\/uploads\/2025\/10\/NVR2108HS-8P-T.jpeg\",\"datePublished\":\"2025-10-21T12:00:23+00:00\",\"dateModified\":\"2025-10-21T12:00:24+00:00\",\"description\":\"NVR2108HS-8P-T, y\u00fcksek performansl\u0131 g\u00fcvenlik sistemleri i\u00e7in tasarlanm\u0131\u015f 8 kanall\u0131 PoE destekli a\u011f kay\u0131t cihaz\u0131d\u0131r. Dahili PoE portlar\u0131 sayesinde IP kameralar\u0131 ekstra adapt\u00f6r veya g\u00fc\u00e7 kablosu olmadan kolayca \u00e7al\u0131\u015ft\u0131r\u0131r. G\u00fcvenli\u011finizi sade, h\u0131zl\u0131 ve profesyonel bi\u00e7imde y\u00f6netmek i\u00e7in ideal bir \u00e7\u00f6z\u00fcmd\u00fcr.\",\"breadcrumb\":{\"@id\":\"https:\/\/www.megaguvenlik.com\/?product=dahua-nvr2108hs-8p-t#breadcrumb\"},\"inLanguage\":\"tr\",\"potentialAction\":[{\"@type\":\"ReadAction\",\"target\":[\"https:\/\/www.megaguvenlik.com\/?product=dahua-nvr2108hs-8p-t\"]}]},{\"@type\":\"ImageObject\",\"inLanguage\":\"tr\",\"@id\":\"https:\/\/www.megaguvenlik.com\/?product=dahua-nvr2108hs-8p-t#primaryimage\",\"url\":\"https:\/\/www.megaguvenlik.com\/wp-content\/uploads\/2025\/10\/NVR2108HS-8P-T.jpeg\",\"contentUrl\":\"https:\/\/www.megaguvenlik.com\/wp-content\/uploads\/2025\/10\/NVR2108HS-8P-T.jpeg\",\"width\":225,\"height\":225},{\"@type\":\"BreadcrumbList\",\"@id\":\"https:\/\/www.megaguvenlik.com\/?product=dahua-nvr2108hs-8p-t#breadcrumb\",\"itemListElement\":[{\"@type\":\"ListItem\",\"position\":1,\"name\":\"Anasayfa\",\"item\":\"https:\/\/www.megaguvenlik.com\/\"},{\"@type\":\"ListItem\",\"position\":2,\"name\":\"Ma\u011faza\",\"item\":\"https:\/\/www.megaguvenlik.com\/?page_id=323\"},{\"@type\":\"ListItem\",\"position\":3,\"name\":\"DAHUA NVR2108HS-8P-T\"}]},{\"@type\":\"WebSite\",\"@id\":\"https:\/\/www.megaguvenlik.com\/#website\",\"url\":\"https:\/\/www.megaguvenlik.com\/\",\"name\":\"Mega G\u00fcvenlik Sistemleri\",\"description\":\"Kamera | Yang\u0131n Alarm | Network | Acil Anons\",\"potentialAction\":[{\"@type\":\"SearchAction\",\"target\":{\"@type\":\"EntryPoint\",\"urlTemplate\":\"https:\/\/www.megaguvenlik.com\/?s={search_term_string}\"},\"query-input\":{\"@type\":\"PropertyValueSpecification\",\"valueRequired\":true,\"valueName\":\"search_term_string\"}}],\"inLanguage\":\"tr\"}]}<\/script>\n<!-- \/ Yoast SEO plugin. -->","yoast_head_json":{"title":"DAHUA NVR2108HS-8P-T - Mega G\u00fcvenlik Sistemleri","description":"NVR2108HS-8P-T, y\u00fcksek performansl\u0131 g\u00fcvenlik sistemleri i\u00e7in tasarlanm\u0131\u015f 8 kanall\u0131 PoE destekli a\u011f kay\u0131t cihaz\u0131d\u0131r. Dahili PoE portlar\u0131 sayesinde IP kameralar\u0131 ekstra adapt\u00f6r veya g\u00fc\u00e7 kablosu olmadan kolayca \u00e7al\u0131\u015ft\u0131r\u0131r. G\u00fcvenli\u011finizi sade, h\u0131zl\u0131 ve profesyonel bi\u00e7imde y\u00f6netmek i\u00e7in ideal bir \u00e7\u00f6z\u00fcmd\u00fcr.","robots":{"index":"index","follow":"follow","max-snippet":"max-snippet:-1","max-image-preview":"max-image-preview:large","max-video-preview":"max-video-preview:-1"},"canonical":"https:\/\/www.megaguvenlik.com\/?product=dahua-nvr2108hs-8p-t","og_locale":"tr_TR","og_type":"article","og_title":"DAHUA NVR2108HS-8P-T - Mega G\u00fcvenlik Sistemleri","og_description":"NVR2108HS-8P-T, y\u00fcksek performansl\u0131 g\u00fcvenlik sistemleri i\u00e7in tasarlanm\u0131\u015f 8 kanall\u0131 PoE destekli a\u011f kay\u0131t cihaz\u0131d\u0131r. Dahili PoE portlar\u0131 sayesinde IP kameralar\u0131 ekstra adapt\u00f6r veya g\u00fc\u00e7 kablosu olmadan kolayca \u00e7al\u0131\u015ft\u0131r\u0131r. G\u00fcvenli\u011finizi sade, h\u0131zl\u0131 ve profesyonel bi\u00e7imde y\u00f6netmek i\u00e7in ideal bir \u00e7\u00f6z\u00fcmd\u00fcr.","og_url":"https:\/\/www.megaguvenlik.com\/?product=dahua-nvr2108hs-8p-t","og_site_name":"Mega G\u00fcvenlik Sistemleri","article_modified_time":"2025-10-21T12:00:24+00:00","og_image":[{"width":225,"height":225,"url":"https:\/\/www.megaguvenlik.com\/wp-content\/uploads\/2025\/10\/NVR2108HS-8P-T.jpeg","type":"image\/jpeg"}],"twitter_card":"summary_large_image","twitter_misc":{"Tahmini okuma s\u00fcresi":"1 dakika"},"schema":{"@context":"https:\/\/schema.org","@graph":[{"@type":"WebPage","@id":"https:\/\/www.megaguvenlik.com\/?product=dahua-nvr2108hs-8p-t","url":"https:\/\/www.megaguvenlik.com\/?product=dahua-nvr2108hs-8p-t","name":"DAHUA NVR2108HS-8P-T - Mega G\u00fcvenlik Sistemleri","isPartOf":{"@id":"https:\/\/www.megaguvenlik.com\/#website"},"primaryImageOfPage":{"@id":"https:\/\/www.megaguvenlik.com\/?product=dahua-nvr2108hs-8p-t#primaryimage"},"image":{"@id":"https:\/\/www.megaguvenlik.com\/?product=dahua-nvr2108hs-8p-t#primaryimage"},"thumbnailUrl":"https:\/\/www.megaguvenlik.com\/wp-content\/uploads\/2025\/10\/NVR2108HS-8P-T.jpeg","datePublished":"2025-10-21T12:00:23+00:00","dateModified":"2025-10-21T12:00:24+00:00","description":"NVR2108HS-8P-T, y\u00fcksek performansl\u0131 g\u00fcvenlik sistemleri i\u00e7in tasarlanm\u0131\u015f 8 kanall\u0131 PoE destekli a\u011f kay\u0131t cihaz\u0131d\u0131r. Dahili PoE portlar\u0131 sayesinde IP kameralar\u0131 ekstra adapt\u00f6r veya g\u00fc\u00e7 kablosu olmadan kolayca \u00e7al\u0131\u015ft\u0131r\u0131r. G\u00fcvenli\u011finizi sade, h\u0131zl\u0131 ve profesyonel bi\u00e7imde y\u00f6netmek i\u00e7in ideal bir \u00e7\u00f6z\u00fcmd\u00fcr.","breadcrumb":{"@id":"https:\/\/www.megaguvenlik.com\/?product=dahua-nvr2108hs-8p-t#breadcrumb"},"inLanguage":"tr","potentialAction":[{"@type":"ReadAction","target":["https:\/\/www.megaguvenlik.com\/?product=dahua-nvr2108hs-8p-t"]}]},{"@type":"ImageObject","inLanguage":"tr","@id":"https:\/\/www.megaguvenlik.com\/?product=dahua-nvr2108hs-8p-t#primaryimage","url":"https:\/\/www.megaguvenlik.com\/wp-content\/uploads\/2025\/10\/NVR2108HS-8P-T.jpeg","contentUrl":"https:\/\/www.megaguvenlik.com\/wp-content\/uploads\/2025\/10\/NVR2108HS-8P-T.jpeg","width":225,"height":225},{"@type":"BreadcrumbList","@id":"https:\/\/www.megaguvenlik.com\/?product=dahua-nvr2108hs-8p-t#breadcrumb","itemListElement":[{"@type":"ListItem","position":1,"name":"Anasayfa","item":"https:\/\/www.megaguvenlik.com\/"},{"@type":"ListItem","position":2,"name":"Ma\u011faza","item":"https:\/\/www.megaguvenlik.com\/?page_id=323"},{"@type":"ListItem","position":3,"name":"DAHUA NVR2108HS-8P-T"}]},{"@type":"WebSite","@id":"https:\/\/www.megaguvenlik.com\/#website","url":"https:\/\/www.megaguvenlik.com\/","name":"Mega G\u00fcvenlik Sistemleri","description":"Kamera | Yang\u0131n Alarm | Network | Acil Anons","potentialAction":[{"@type":"SearchAction","target":{"@type":"EntryPoint","urlTemplate":"https:\/\/www.megaguvenlik.com\/?s={search_term_string}"},"query-input":{"@type":"PropertyValueSpecification","valueRequired":true,"valueName":"search_term_string"}}],"inLanguage":"tr"}]}},"_links":{"self":[{"href":"https:\/\/www.megaguvenlik.com\/index.php?rest_route=\/wp\/v2\/product\/4667","targetHints":{"allow":["GET"]}}],"collection":[{"href":"https:\/\/www.megaguvenlik.com\/index.php?rest_route=\/wp\/v2\/product"}],"about":[{"href":"https:\/\/www.megaguvenlik.com\/index.php?rest_route=\/wp\/v2\/types\/product"}],"replies":[{"embeddable":true,"href":"https:\/\/www.megaguvenlik.com\/index.php?rest_route=%2Fwp%2Fv2%2Fcomments&post=4667"}],"wp:featuredmedia":[{"embeddable":true,"href":"https:\/\/www.megaguvenlik.com\/index.php?rest_route=\/wp\/v2\/media\/4668"}],"wp:attachment":[{"href":"https:\/\/www.megaguvenlik.com\/index.php?rest_route=%2Fwp%2Fv2%2Fmedia&parent=4667"}],"wp:term":[{"taxonomy":"product_brand","embeddable":true,"href":"https:\/\/www.megaguvenlik.com\/index.php?rest_route=%2Fwp%2Fv2%2Fproduct_brand&post=4667"},{"taxonomy":"product_cat","embeddable":true,"href":"https:\/\/www.megaguvenlik.com\/index.php?rest_route=%2Fwp%2Fv2%2Fproduct_cat&post=4667"},{"taxonomy":"product_tag","embeddable":true,"href":"https:\/\/www.megaguvenlik.com\/index.php?rest_route=%2Fwp%2Fv2%2Fproduct_tag&post=4667"}],"curies":[{"name":"wp","href":"https:\/\/api.w.org\/{rel}","templated":true}]}}